{"id":1429,"date":"2018-01-24T16:08:14","date_gmt":"2018-01-24T15:08:14","guid":{"rendered":"http:\/\/amvb.fr\/?page_id=1429"},"modified":"2018-01-24T18:10:58","modified_gmt":"2018-01-24T17:10:58","slug":"photos-2013","status":"publish","type":"page","link":"https:\/\/amvb.fr\/?page_id=1429","title":{"rendered":"Photos 2013"},"content":{"rendered":"<p>Cliquez sur les liens suivants :<\/p>\n<ul>\n<li><a href=\"https:\/\/amvb.fr\/?page_id=1431\">Concert au March\u00e9 de No\u00ebl<\/a><\/li>\n<li><a href=\"https:\/\/amvb.fr\/?page_id=1437\">Concert au Kiosque du Luxembourg<\/a><\/li>\n<li style=\"list-style-type: none;\"><\/li>\n<li><a href=\"https:\/\/amvb.fr\/?page_id=1482\">Concert de la Roseraie<\/a><\/li>\n<li><a href=\"https:\/\/amvb.fr\/?page_id=1630\">Concours \u00e0 Bourgtheroulde<\/a><\/li>\n<li><a href=\"https:\/\/amvb.fr\/?page_id=1634\">Concert de Printemps<\/a><\/li>\n<li><a href=\"https:\/\/amvb.fr\/?page_id=1667\">Concert d&rsquo;Hiver<\/a><\/li>\n<\/ul>\n<div style=\"padding-bottom:20px; padding-top:10px;\" class=\"hupso-share-buttons\"><!-- Hupso Share Buttons - https:\/\/www.hupso.com\/share\/ --><a class=\"hupso_toolbar\" href=\"https:\/\/www.hupso.com\/share\/\"><img decoding=\"async\" src=\"https:\/\/static.hupso.com\/share\/buttons\/lang\/fr\/share-medium.png\" style=\"border:0px; padding-top: 5px; float:left;\" alt=\"Share Button\"\/><\/a><script type=\"text\/javascript\">var hupso_services_t=new Array(\"Twitter\",\"Facebook\",\"Google Plus\",\"Print\");var hupso_background_t=\"#EAF4FF\";var hupso_border_t=\"#66CCFF\";var hupso_toolbar_size_t=\"medium\";var hupso_image_folder_url = \"\";var hupso_url_t=\"\";var hupso_title_t=\"Photos%202013\";<\/script><script type=\"text\/javascript\" src=\"https:\/\/static.hupso.com\/share\/js\/share_toolbar.js\"><\/script><!-- Hupso Share Buttons --><\/div>","protected":false},"excerpt":{"rendered":"<p>Cliquez sur les liens suivants : Concert au March\u00e9 de No\u00ebl Concert au Kiosque du Luxembourg Concert de la Roseraie Concours \u00e0 Bourgtheroulde Concert de Printemps Concert d&rsquo;Hiver<\/p>\n","protected":false},"author":2,"featured_media":0,"parent":220,"menu_order":0,"comment_status":"closed","ping_status":"closed","template":"","meta":{"_bbp_topic_count":0,"_bbp_reply_count":0,"_bbp_total_topic_count":0,"_bbp_total_reply_count":0,"_bbp_voice_count":0,"_bbp_anonymous_reply_count":0,"_bbp_topic_count_hidden":0,"_bbp_reply_count_hidden":0,"_bbp_forum_subforum_count":0,"ngg_post_thumbnail":0,"footnotes":""},"class_list":["post-1429","page","type-page","status-publish","hentry"],"aioseo_notices":[],"aioseo_head":"\n\t\t<!-- All in One SEO 5.0.1.1 - aioseo.com -->\n\t<meta name=\"description\" content=\"Les photos de nos activit\u00e9s en 2013\" \/>\n\t<meta name=\"robots\" content=\"noindex, nofollow, max-snippet:-1, max-image-preview:large, max-video-preview:-1\" \/>\n\t<link rel=\"canonical\" href=\"https:\/\/amvb.fr\/?page_id=1429\" \/>\n\t<meta name=\"generator\" content=\"All in One SEO (AIOSEO) 5.0.1.1\" \/>\n\t\t<meta property=\"og:locale\" content=\"fr_FR\" \/>\n\t\t<meta property=\"og:site_name\" content=\"AMVB : orchestre d&#039;harmonie | Association Musicale du Val de Bi\u00e8vre\" \/>\n\t\t<meta property=\"og:type\" content=\"article\" \/>\n\t\t<meta property=\"og:title\" content=\"Photos 2013 | AMVB : orchestre d&#039;harmonie\" \/>\n\t\t<meta property=\"og:description\" content=\"Les photos de nos activit\u00e9s en 2013\" \/>\n\t\t<meta property=\"og:url\" content=\"https:\/\/amvb.fr\/?page_id=1429\" \/>\n\t\t<meta property=\"article:published_time\" content=\"2018-01-24T15:08:14+00:00\" \/>\n\t\t<meta property=\"article:modified_time\" content=\"2018-01-24T17:10:58+00:00\" \/>\n\t\t<meta name=\"twitter:card\" content=\"summary\" \/>\n\t\t<meta name=\"twitter:title\" content=\"Photos 2013 | AMVB : orchestre d&#039;harmonie\" \/>\n\t\t<meta name=\"twitter:description\" content=\"Les photos de nos activit\u00e9s en 2013\" \/>\n\t\t<script type=\"application\/ld+json\" class=\"aioseo-schema\">\n\t\t\t{\"@context\":\"https:\\\/\\\/schema.org\",\"@graph\":[{\"@type\":\"BreadcrumbList\",\"@id\":\"https:\\\/\\\/amvb.fr\\\/?page_id=1429#breadcrumblist\",\"itemListElement\":[{\"@type\":\"ListItem\",\"@id\":\"https:\\\/\\\/amvb.fr#listItem\",\"position\":1,\"name\":\"Accueil\",\"item\":\"https:\\\/\\\/amvb.fr\",\"nextItem\":{\"@type\":\"ListItem\",\"@id\":\"https:\\\/\\\/amvb.fr\\\/?page_id=220#listItem\",\"name\":\"Photos\"}},{\"@type\":\"ListItem\",\"@id\":\"https:\\\/\\\/amvb.fr\\\/?page_id=220#listItem\",\"position\":2,\"name\":\"Photos\",\"item\":\"https:\\\/\\\/amvb.fr\\\/?page_id=220\",\"nextItem\":{\"@type\":\"ListItem\",\"@id\":\"https:\\\/\\\/amvb.fr\\\/?page_id=1429#listItem\",\"name\":\"Photos 2013\"},\"previousItem\":{\"@type\":\"ListItem\",\"@id\":\"https:\\\/\\\/amvb.fr#listItem\",\"name\":\"Accueil\"}},{\"@type\":\"ListItem\",\"@id\":\"https:\\\/\\\/amvb.fr\\\/?page_id=1429#listItem\",\"position\":3,\"name\":\"Photos 2013\",\"previousItem\":{\"@type\":\"ListItem\",\"@id\":\"https:\\\/\\\/amvb.fr\\\/?page_id=220#listItem\",\"name\":\"Photos\"}}]},{\"@type\":\"Organization\",\"@id\":\"https:\\\/\\\/amvb.fr\\\/#organization\",\"name\":\"AMVB : orchestre d'harmonie\",\"description\":\"Association Musicale du Val de Bi\\u00e8vre\",\"url\":\"https:\\\/\\\/amvb.fr\\\/\"},{\"@type\":\"WebPage\",\"@id\":\"https:\\\/\\\/amvb.fr\\\/?page_id=1429#webpage\",\"url\":\"https:\\\/\\\/amvb.fr\\\/?page_id=1429\",\"name\":\"Photos 2013 | AMVB : orchestre d'harmonie\",\"description\":\"Les photos de nos activit\\u00e9s en 2013\",\"inLanguage\":\"fr-FR\",\"isPartOf\":{\"@id\":\"https:\\\/\\\/amvb.fr\\\/#website\"},\"breadcrumb\":{\"@id\":\"https:\\\/\\\/amvb.fr\\\/?page_id=1429#breadcrumblist\"},\"datePublished\":\"2018-01-24T16:08:14+01:00\",\"dateModified\":\"2018-01-24T18:10:58+01:00\"},{\"@type\":\"WebSite\",\"@id\":\"https:\\\/\\\/amvb.fr\\\/#website\",\"url\":\"https:\\\/\\\/amvb.fr\\\/\",\"name\":\"AMVB : orchestre d'harmonie\",\"description\":\"Association Musicale du Val de Bi\\u00e8vre\",\"inLanguage\":\"fr-FR\",\"publisher\":{\"@id\":\"https:\\\/\\\/amvb.fr\\\/#organization\"}}]}\n\t\t<\/script>\n\t\t<!-- All in One SEO -->\n\n","aioseo_head_json":{"title":"Photos 2013 | AMVB : orchestre d'harmonie","description":"Les photos de nos activit\u00e9s en 2013","canonical_url":"https:\/\/amvb.fr\/?page_id=1429","robots":"noindex, nofollow, max-snippet:-1, max-image-preview:large, max-video-preview:-1","keywords":"","webmasterTools":{"miscellaneous":""},"schema":{"@context":"https:\/\/schema.org","@graph":[{"@type":"BreadcrumbList","@id":"https:\/\/amvb.fr\/?page_id=1429#breadcrumblist","itemListElement":[{"@type":"ListItem","@id":"https:\/\/amvb.fr#listItem","position":1,"name":"Accueil","item":"https:\/\/amvb.fr","nextItem":{"@type":"ListItem","@id":"https:\/\/amvb.fr\/?page_id=220#listItem","name":"Photos"}},{"@type":"ListItem","@id":"https:\/\/amvb.fr\/?page_id=220#listItem","position":2,"name":"Photos","item":"https:\/\/amvb.fr\/?page_id=220","nextItem":{"@type":"ListItem","@id":"https:\/\/amvb.fr\/?page_id=1429#listItem","name":"Photos 2013"},"previousItem":{"@type":"ListItem","@id":"https:\/\/amvb.fr#listItem","name":"Accueil"}},{"@type":"ListItem","@id":"https:\/\/amvb.fr\/?page_id=1429#listItem","position":3,"name":"Photos 2013","previousItem":{"@type":"ListItem","@id":"https:\/\/amvb.fr\/?page_id=220#listItem","name":"Photos"}}]},{"@type":"Organization","@id":"https:\/\/amvb.fr\/#organization","name":"AMVB : orchestre d'harmonie","description":"Association Musicale du Val de Bi\u00e8vre","url":"https:\/\/amvb.fr\/"},{"@type":"WebPage","@id":"https:\/\/amvb.fr\/?page_id=1429#webpage","url":"https:\/\/amvb.fr\/?page_id=1429","name":"Photos 2013 | AMVB : orchestre d'harmonie","description":"Les photos de nos activit\u00e9s en 2013","inLanguage":"fr-FR","isPartOf":{"@id":"https:\/\/amvb.fr\/#website"},"breadcrumb":{"@id":"https:\/\/amvb.fr\/?page_id=1429#breadcrumblist"},"datePublished":"2018-01-24T16:08:14+01:00","dateModified":"2018-01-24T18:10:58+01:00"},{"@type":"WebSite","@id":"https:\/\/amvb.fr\/#website","url":"https:\/\/amvb.fr\/","name":"AMVB : orchestre d'harmonie","description":"Association Musicale du Val de Bi\u00e8vre","inLanguage":"fr-FR","publisher":{"@id":"https:\/\/amvb.fr\/#organization"}}]},"og:locale":"fr_FR","og:site_name":"AMVB : orchestre d'harmonie | Association Musicale du Val de Bi\u00e8vre","og:type":"article","og:title":"Photos 2013 | AMVB : orchestre d'harmonie","og:description":"Les photos de nos activit\u00e9s en 2013","og:url":"https:\/\/amvb.fr\/?page_id=1429","article:published_time":"2018-01-24T15:08:14+00:00","article:modified_time":"2018-01-24T17:10:58+00:00","twitter:card":"summary","twitter:title":"Photos 2013 | AMVB : orchestre d'harmonie","twitter:description":"Les photos de nos activit\u00e9s en 2013"},"aioseo_meta_data":{"post_id":"1429","title":"Photos 2013 | #site_title","description":"Les photos de nos activit\u00e9s en 2013","keywords":null,"keyphrases":null,"primary_term":null,"canonical_url":null,"og_title":null,"og_description":null,"og_object_type":"default","og_image_type":"default","og_image_url":null,"og_image_width":null,"og_image_height":null,"og_image_custom_url":null,"og_image_custom_fields":null,"og_video":null,"og_custom_url":null,"og_article_section":null,"og_article_tags":null,"twitter_use_og":false,"twitter_card":"default","twitter_image_type":"default","twitter_image_url":null,"twitter_image_custom_url":null,"twitter_image_custom_fields":null,"twitter_title":null,"twitter_description":null,"schema":{"blockGraphs":[],"customGraphs":[],"default":{"data":{"Article":[],"Course":[],"Dataset":[],"FAQPage":[],"Movie":[],"Person":[],"Product":[],"ProductReview":[],"Car":[],"Recipe":[],"Service":[],"SoftwareApplication":[],"WebPage":[]},"graphName":"","isEnabled":true},"graphs":[]},"schema_type":null,"schema_type_options":null,"pillar_content":false,"robots_default":true,"robots_noindex":false,"robots_noarchive":false,"robots_nosnippet":false,"robots_nofollow":false,"robots_noimageindex":false,"robots_noodp":false,"robots_notranslate":false,"robots_max_snippet":null,"robots_max_videopreview":null,"robots_max_imagepreview":"large","priority":null,"frequency":null,"location":null,"local_seo":null,"breadcrumb_settings":null,"limit_modified_date":false,"ai":null,"created":"2021-01-04 09:16:21","updated":"2025-06-19 09:38:01","seo_analyzer_scan_date":null,"focus_keyword":null,"additional_keywords":null,"truseo_locale":null},"aioseo_breadcrumb":"<div class=\"aioseo-breadcrumbs\"><span class=\"aioseo-breadcrumb\">\n\t\t\t<a href=\"https:\/\/amvb.fr\" title=\"Accueil\">Accueil<\/a>\n\t\t<\/span><span class=\"aioseo-breadcrumb-separator\">&raquo;<\/span><span class=\"aioseo-breadcrumb\">\n\t\t\t<a href=\"https:\/\/amvb.fr\/?page_id=220\" title=\"Photos\">Photos<\/a>\n\t\t<\/span><span class=\"aioseo-breadcrumb-separator\">&raquo;<\/span><span class=\"aioseo-breadcrumb\">\n\t\t\tPhotos 2013\n\t\t<\/span><\/div>","aioseo_breadcrumb_json":[{"label":"Accueil","link":"https:\/\/amvb.fr"},{"label":"Photos","link":"https:\/\/amvb.fr\/?page_id=220"},{"label":"Photos 2013","link":"https:\/\/amvb.fr\/?page_id=1429"}],"_links":{"self":[{"href":"https:\/\/amvb.fr\/index.php?rest_route=\/wp\/v2\/pages\/1429","targetHints":{"allow":["GET"]}}],"collection":[{"href":"https:\/\/amvb.fr\/index.php?rest_route=\/wp\/v2\/pages"}],"about":[{"href":"https:\/\/amvb.fr\/index.php?rest_route=\/wp\/v2\/types\/page"}],"author":[{"embeddable":true,"href":"https:\/\/amvb.fr\/index.php?rest_route=\/wp\/v2\/users\/2"}],"replies":[{"embeddable":true,"href":"https:\/\/amvb.fr\/index.php?rest_route=%2Fwp%2Fv2%2Fcomments&post=1429"}],"version-history":[{"count":4,"href":"https:\/\/amvb.fr\/index.php?rest_route=\/wp\/v2\/pages\/1429\/revisions"}],"predecessor-version":[{"id":1706,"href":"https:\/\/amvb.fr\/index.php?rest_route=\/wp\/v2\/pages\/1429\/revisions\/1706"}],"up":[{"embeddable":true,"href":"https:\/\/amvb.fr\/index.php?rest_route=\/wp\/v2\/pages\/220"}],"wp:attachment":[{"href":"https:\/\/amvb.fr\/index.php?rest_route=%2Fwp%2Fv2%2Fmedia&parent=1429"}],"curies":[{"name":"wp","href":"https:\/\/api.w.org\/{rel}","templated":true}]}}

<p>Cliquez sur les liens suivants :</p>
<ul>
<li><a href="https://amvb.fr/?page_id=1431">Concert au Marché de Noël</a></li>
<li><a href="https://amvb.fr/?page_id=1437">Concert au Kiosque du Luxembourg</a></li>
<li style="list-style-type: none;"></li>
<li><a href="https://amvb.fr/?page_id=1482">Concert de la Roseraie</a></li>
<li><a href="https://amvb.fr/?page_id=1630">Concours à Bourgtheroulde</a></li>
<li><a href="https://amvb.fr/?page_id=1634">Concert de Printemps</a></li>
<li><a href="https://amvb.fr/?page_id=1667">Concert d&rsquo;Hiver</a></li>
</ul>
<div style="padding-bottom:20px; padding-top:10px;" class="hupso-share-buttons"><!-- Hupso Share Buttons - https://www.hupso.com/share/ --><a class="hupso_toolbar" href="https://www.hupso.com/share/"><img decoding="async" src="https://static.hupso.com/share/buttons/lang/fr/share-medium.png" style="border:0px; padding-top: 5px; float:left;" alt="Share Button"/></a><script type="text/javascript">var hupso_services_t=new Array("Twitter","Facebook","Google Plus","Print");var hupso_background_t="#EAF4FF";var hupso_border_t="#66CCFF";var hupso_toolbar_size_t="medium";var hupso_image_folder_url = "";var hupso_url_t="";var hupso_title_t="Photos%202013";</script><script type="text/javascript" src="https://static.hupso.com/share/js/share_toolbar.js"></script><!-- Hupso Share Buttons --></div>

<p>Cliquez sur les liens suivants : Concert au Marché de Noël Concert au Kiosque du Luxembourg Concert de la Roseraie Concours à Bourgtheroulde Concert de Printemps Concert d&rsquo;Hiver</p>

<!-- All in One SEO 5.0.1.1 - aioseo.com -->
	<meta name="description" content="Les photos de nos activités en 2013" />
	<meta name="robots" content="noindex, nofollow, max-snippet:-1, max-image-preview:large, max-video-preview:-1" />
	<link rel="canonical" href="https://amvb.fr/?page_id=1429" />
	<meta name="generator" content="All in One SEO (AIOSEO) 5.0.1.1" />
		<meta property="og:locale" content="fr_FR" />
		<meta property="og:site_name" content="AMVB : orchestre d&#039;harmonie | Association Musicale du Val de Bièvre" />
		<meta property="og:type" content="article" />
		<meta property="og:title" content="Photos 2013 | AMVB : orchestre d&#039;harmonie" />
		<meta property="og:description" content="Les photos de nos activités en 2013" />
		<meta property="og:url" content="https://amvb.fr/?page_id=1429" />
		<meta property="article:published_time" content="2018-01-24T15:08:14+00:00" />
		<meta property="article:modified_time" content="2018-01-24T17:10:58+00:00" />
		<meta name="twitter:card" content="summary" />
		<meta name="twitter:title" content="Photos 2013 | AMVB : orchestre d&#039;harmonie" />
		<meta name="twitter:description" content="Les photos de nos activités en 2013" />
		<script type="application/ld+json" class="aioseo-schema">
			{"@context":"https:\/\/schema.org","@graph":[{"@type":"BreadcrumbList","@id":"https:\/\/amvb.fr\/?page_id=1429#breadcrumblist","itemListElement":[{"@type":"ListItem","@id":"https:\/\/amvb.fr#listItem","position":1,"name":"Accueil","item":"https:\/\/amvb.fr","nextItem":{"@type":"ListItem","@id":"https:\/\/amvb.fr\/?page_id=220#listItem","name":"Photos"}},{"@type":"ListItem","@id":"https:\/\/amvb.fr\/?page_id=220#listItem","position":2,"name":"Photos","item":"https:\/\/amvb.fr\/?page_id=220","nextItem":{"@type":"ListItem","@id":"https:\/\/amvb.fr\/?page_id=1429#listItem","name":"Photos 2013"},"previousItem":{"@type":"ListItem","@id":"https:\/\/amvb.fr#listItem","name":"Accueil"}},{"@type":"ListItem","@id":"https:\/\/amvb.fr\/?page_id=1429#listItem","position":3,"name":"Photos 2013","previousItem":{"@type":"ListItem","@id":"https:\/\/amvb.fr\/?page_id=220#listItem","name":"Photos"}}]},{"@type":"Organization","@id":"https:\/\/amvb.fr\/#organization","name":"AMVB : orchestre d'harmonie","description":"Association Musicale du Val de Bi\u00e8vre","url":"https:\/\/amvb.fr\/"},{"@type":"WebPage","@id":"https:\/\/amvb.fr\/?page_id=1429#webpage","url":"https:\/\/amvb.fr\/?page_id=1429","name":"Photos 2013 | AMVB : orchestre d'harmonie","description":"Les photos de nos activit\u00e9s en 2013","inLanguage":"fr-FR","isPartOf":{"@id":"https:\/\/amvb.fr\/#website"},"breadcrumb":{"@id":"https:\/\/amvb.fr\/?page_id=1429#breadcrumblist"},"datePublished":"2018-01-24T16:08:14+01:00","dateModified":"2018-01-24T18:10:58+01:00"},{"@type":"WebSite","@id":"https:\/\/amvb.fr\/#website","url":"https:\/\/amvb.fr\/","name":"AMVB : orchestre d'harmonie","description":"Association Musicale du Val de Bi\u00e8vre","inLanguage":"fr-FR","publisher":{"@id":"https:\/\/amvb.fr\/#organization"}}]}
		</script>
		<!-- All in One SEO -->

Les photos de nos activités en 2013

Association Musicale du Val de Bièvre

AMVB : orchestre d'harmonie | Association Musicale du Val de Bièvre
