{"id":2331,"date":"2018-05-17T09:50:29","date_gmt":"2018-05-17T07:50:29","guid":{"rendered":"http:\/\/amvb.fr\/?page_id=2331"},"modified":"2023-09-10T13:06:27","modified_gmt":"2023-09-10T11:06:27","slug":"2018-2","status":"publish","type":"page","link":"https:\/\/amvb.fr\/?page_id=2331","title":{"rendered":"2018-2019"},"content":{"rendered":"<p style=\"text-align: center;\"><strong><a href=\"http:\/\/amvb.fr\/?page_id=38\" rel=\"noopener\">&lt;&#8211;<\/a> 2018 <a href=\"#2019\" rel=\"noopener\">&#8211;&gt;<\/a><\/strong><\/p>\n<p>Les 3, 22 avril et 15 mai, une quinzaine d&rsquo;entre nous vont \u00e0 Levallois soutenir l&rsquo;\u00e9quipe de basket de Pro A : une animation sous forme de courts morceaux de banda.<\/p>\n<p>Le w.e. de l&rsquo;Ascension (11 et 12 mai) nous recevons l&rsquo;Harmonie des Enfants de Bayard (Pontcharra) : visite de Paris, r\u00e9p\u00e9titions communes, repas, le tout se terminant par un concert exceptionnel rassemblant au final 90 musiciens le samedi soir, devant un public enthousiaste.&nbsp;<\/p>\n<p>Tr\u00e8s beau temps et public nombreux pour notre concert \u00e0 la Roseraie, le samedi 23 juin.&nbsp;<\/p>\n<p>Mercredi 27 juin, nous nous retrouvons le soir pour un pique-nique de fin d&rsquo;ann\u00e9e.&nbsp;<\/p>\n<p>Samedi 29 septembre, nous jouons pour un public ensoleill\u00e9 au kiosque du jardin du Luxembourg.&nbsp;<\/p>\n<p>Vendredi 2 novembre, nous partons en car en direction de l&rsquo;Is\u00e8re o\u00f9 nous sommes tr\u00e8s chaleureusement accueillis par les musiciens de l&rsquo;<a href=\"http:\/\/www.orchestre-lesenfantsdebayard.fr\/\" target=\"_blank\" rel=\"noopener noreferrer\">HEB<\/a>, l&rsquo;orchestre d&rsquo;harmonie de Pontcharra.&nbsp; Visites, repas, superbe concert commun le samedi soir : un week-end inoubliable.&nbsp;<\/p>\n<p>Dimanche 2 d\u00e9cembre, c&rsquo;est le March\u00e9 de No\u00ebl \u00e0 l&rsquo;espace de la Bi\u00e8vre.<br \/>\nNous jouons devant un public nombreux, qui reprend avec nous les chants de No\u00ebl.&nbsp;<\/p>\n<hr>\n<p style=\"text-align: center;\"><a name=\"2019\"><\/a><a href=\"http:\/\/amvb.fr\/?page_id=2331\">&lt;&#8211;<\/a> <strong>2019<\/strong> <a href=\"http:\/\/amvb.fr\/?page_id=3861\">&#8211;&gt;<\/a><\/p>\n<p>Dimanche 20 janvier, concert \u00e0 l&rsquo;Auditorium : un beau programme qui a bien plu \u00e0 notre public.&nbsp;<\/p>\n<p>Le 17 f\u00e9vrier, nous invitons l&rsquo;Orchestre D\u00e9partemental d&rsquo;Harmonie du Val de Marne. Journ\u00e9e tr\u00e8s conviviale : r\u00e9p\u00e9tition le matin, repas ensemble et concert l&rsquo;apr\u00e8s-midi qui se termine par deux morceaux communs jou\u00e9s par les 80 musiciens ! Le bonheur !&nbsp;<\/p>\n<p>Dimanche 14 avril, concert de Printemps \u00e0 la salle des f\u00eates : deux heures de musique dansante qui ont emball\u00e9 le public !&nbsp;<\/p>\n<p>Le samedi 15 juin, c&rsquo;est la journ\u00e9e Musiques de Kiosques : avec la <a href=\"https:\/\/www.bho94.fr\/\" target=\"_blank\" rel=\"noopener noreferrer\">Bry Harmonie Orchestra<\/a> et les CAHN&rsquo;I (<a href=\"https:\/\/fr.wikipedia.org\/wiki\/Orchestre_%C3%A0_l%27%C3%A9cole\" target=\"_blank\" rel=\"noopener noreferrer\">orchestre \u00e0 l&rsquo;\u00e9cole<\/a>), nous jouons deux heures au kiosque du square Maurice Gardette \u00e0 Paris. Beau temps et public enthousiaste au rendez-vous !<\/p>\n<p>La musique des vents a \u00e9t\u00e9 tr\u00e8s appr\u00e9ci\u00e9 le samedi 29 juin, \u00e0 la Roseraie, malgr\u00e9 la canicule !<\/p>\n<p>Malgr\u00e9 le temps incertain, le concert au kiosque du Luxembourg a \u00e9t\u00e9 un succ\u00e8s le samedi 5 octobre : public nombreux et enthousiaste.&nbsp;&nbsp;<\/p>\n<p>Dimanche 1er d\u00e9cembre, nous jouons au march\u00e9 de No\u00ebl : des pi\u00e8ces illustrant le fantastique mais aussi des chants de No\u00ebl en pr\u00e9sentant les instruments.&nbsp;<\/p>\n<p>Samedi 14 d\u00e9cembre, c&rsquo;est le concert de fin d&rsquo;ann\u00e9e dans la salle des f\u00eates du Moulin de la Bi\u00e8vre : nous jouons des musiques illustrant le th\u00e8me du fantastique.&nbsp;<\/p>\n<p style=\"text-align: right;\"><a href=\"http:\/\/amvb.fr\/?page_id=3861\">&#8211;&gt;<\/a><\/p>\n<div style=\"padding-bottom:20px; padding-top:10px;\" class=\"hupso-share-buttons\"><!-- Hupso Share Buttons - https:\/\/www.hupso.com\/share\/ --><a class=\"hupso_toolbar\" href=\"https:\/\/www.hupso.com\/share\/\"><img decoding=\"async\" src=\"https:\/\/static.hupso.com\/share\/buttons\/lang\/fr\/share-medium.png\" style=\"border:0px; padding-top: 5px; float:left;\" alt=\"Share Button\"\/><\/a><script type=\"text\/javascript\">var hupso_services_t=new Array(\"Twitter\",\"Facebook\",\"Google Plus\",\"Print\");var hupso_background_t=\"#EAF4FF\";var hupso_border_t=\"#66CCFF\";var hupso_toolbar_size_t=\"medium\";var hupso_image_folder_url = \"\";var hupso_url_t=\"\";var hupso_title_t=\"2018-2019\";<\/script><script type=\"text\/javascript\" src=\"https:\/\/static.hupso.com\/share\/js\/share_toolbar.js\"><\/script><!-- Hupso Share Buttons --><\/div>","protected":false},"excerpt":{"rendered":"<p>&lt;&#8211; 2018 &#8211;&gt; Les 3, 22 avril et 15 mai, une quinzaine d&rsquo;entre nous vont \u00e0 Levallois soutenir l&rsquo;\u00e9quipe de basket de Pro A : une animation sous forme de courts morceaux de banda. Le w.e. de l&rsquo;Ascension (11 et &hellip; <a href=\"https:\/\/amvb.fr\/?page_id=2331\">Continuer la lecture <span class=\"meta-nav\">&rarr;<\/span><\/a><\/p>\n","protected":false},"author":2,"featured_media":0,"parent":0,"menu_order":0,"comment_status":"closed","ping_status":"closed","template":"","meta":{"_bbp_topic_count":0,"_bbp_reply_count":0,"_bbp_total_topic_count":0,"_bbp_total_reply_count":0,"_bbp_voice_count":0,"_bbp_anonymous_reply_count":0,"_bbp_topic_count_hidden":0,"_bbp_reply_count_hidden":0,"_bbp_forum_subforum_count":0,"ngg_post_thumbnail":0,"footnotes":""},"class_list":["post-2331","page","type-page","status-publish","hentry"],"aioseo_notices":[],"_links":{"self":[{"href":"https:\/\/amvb.fr\/index.php?rest_route=\/wp\/v2\/pages\/2331","targetHints":{"allow":["GET"]}}],"collection":[{"href":"https:\/\/amvb.fr\/index.php?rest_route=\/wp\/v2\/pages"}],"about":[{"href":"https:\/\/amvb.fr\/index.php?rest_route=\/wp\/v2\/types\/page"}],"author":[{"embeddable":true,"href":"https:\/\/amvb.fr\/index.php?rest_route=\/wp\/v2\/users\/2"}],"replies":[{"embeddable":true,"href":"https:\/\/amvb.fr\/index.php?rest_route=%2Fwp%2Fv2%2Fcomments&post=2331"}],"version-history":[{"count":34,"href":"https:\/\/amvb.fr\/index.php?rest_route=\/wp\/v2\/pages\/2331\/revisions"}],"predecessor-version":[{"id":5312,"href":"https:\/\/amvb.fr\/index.php?rest_route=\/wp\/v2\/pages\/2331\/revisions\/5312"}],"wp:attachment":[{"href":"https:\/\/amvb.fr\/index.php?rest_route=%2Fwp%2Fv2%2Fmedia&parent=2331"}],"curies":[{"name":"wp","href":"https:\/\/api.w.org\/{rel}","templated":true}]}}