{"id":26,"date":"2018-01-16T13:22:17","date_gmt":"2018-01-16T12:22:17","guid":{"rendered":"http:\/\/amvb.fr\/?page_id=26"},"modified":"2018-01-20T20:51:49","modified_gmt":"2018-01-20T19:51:49","slug":"2000-2005","status":"publish","type":"page","link":"https:\/\/amvb.fr\/?page_id=26","title":{"rendered":"2000-2005"},"content":{"rendered":"<p>En mai 1999, apr\u00e8s de nombreuses ann\u00e9es, l&rsquo;ensemble des musiciens a d\u00e9sir\u00e9 refaire un concours d&rsquo;harmonies. Nous nous sommes donc d\u00e9plac\u00e9s au Concours National de Troyes, o\u00f9 nous avons remport\u00e9 le 1<sup>er<\/sup> prix ascendant en premi\u00e8re division.<\/p>\n<p>Le 30 mai 1999, dans le cadre des rencontres r\u00e9gionales des orchestres \u00e0 vent intitul\u00e9es \u00ab\u00a0Changez d&rsquo;air\u00a0\u00bb ayant rassembl\u00e9 35 orchestres et 1500 musiciens, nous avons jou\u00e9 avec l&rsquo;<a href=\"http:\/\/harmoniedesdeuxrives.com\/\" target=\"_blank\" rel=\"noopener\">Harmonie des Deux Rives<\/a> de Paris, pour un concert au parc de Sceaux.<\/p>\n<p>En septembre 1999, notre directeur M. Joseph Pasquier d\u00e9sira ne plus assurer la direction de l&rsquo;orchestre, apr\u00e8s plus de 18 ans de b\u00e9n\u00e9volat. L&rsquo;association d\u00e9cida de confier la direction de notre ensemble \u00e0 M. Jean Paul Sautier, qui apporta sa nouvelle \u00ab\u00a0patte\u00a0\u00bb \u00e0 l&rsquo;ensemble.<\/p>\n<p>En mars 1999, lors du concert de Gala, nous avons f\u00eat\u00e9 les 20 ans de l&rsquo;association, et adress\u00e9 nos remerciements \u00e0 son directeur fondateur M. Pasquier. Pour cela, nous avons contact\u00e9 la plupart des anciens musiciens de l&rsquo;association, qui nous avaient quitt\u00e9s pour des raisons professionnelles ou apr\u00e8s un d\u00e9m\u00e9nagement, afin d&rsquo;interpr\u00e9ter quelques pi\u00e8ces sous la direction de notre ancien directeur. Sur ces 160 musiciens, 98 ont r\u00e9pondu pr\u00e9sent, pour un concert chaleureux.<\/p>\n<p>En avril 2001, Nouveau changement au sein de la direction de notre harmonie : Jean Paul \u00e9tant amen\u00e9 \u00e0 d\u00e9m\u00e9nager en province pour son travail, M. Didier Descamps est venu le remplacer. Avec lui nous avons continu\u00e9 de progresser.<br \/>\nLe 7 novembre 2003, nous avons accueilli l&rsquo;<a href=\"http:\/\/www.harmoniebourgboulieu.123.fr\/\" target=\"_blank\" rel=\"noopener\">Ensemble Harmonique de Bourg-Argental<\/a> pour une prestation commune \u00e0 l&rsquo;Auditorium.<\/p>\n<p>En mai 2004, \u00e0 \u00c9tampes, nous avons concouru dans notre cat\u00e9rogie (1<sup>\u00e8re<\/sup> division), et nous avons obtenu un premier prix ascendant, pour finalement nous retrouver en division sup\u00e9rieure.<\/p>\n<p>2005 est l&rsquo;ann\u00e9e des 25 ans de l&rsquo;association. La semaine suivant le concert du march\u00e9 de No\u00ebl, nous avons donn\u00e9 un concert de gala dans l&rsquo;Auditorium : une dizaine d&rsquo;anciens sont revenus jouer en deuxi\u00e8me partie. Jean-Paul Sautier a \u00e9galement \u00e9t\u00e9 invit\u00e9 \u00e0 diriger deux pi\u00e8ces. Environ 350 personnes sont venues \u00e9couter 1 heure et demi de musique vari\u00e9e, parmi lesquelles notre directeur fondateur M. Pasquier chaleureusement ovationn\u00e9.<\/p>\n<p style=\"text-align: right;\"><a href=\"http:\/\/amvb.fr\/?page_id=28\">&#8211;&gt;<\/a><\/p>\n<div style=\"padding-bottom:20px; padding-top:10px;\" class=\"hupso-share-buttons\"><!-- Hupso Share Buttons - https:\/\/www.hupso.com\/share\/ --><a class=\"hupso_toolbar\" href=\"https:\/\/www.hupso.com\/share\/\"><img decoding=\"async\" src=\"https:\/\/static.hupso.com\/share\/buttons\/lang\/fr\/share-medium.png\" style=\"border:0px; padding-top: 5px; float:left;\" alt=\"Share Button\"\/><\/a><script type=\"text\/javascript\">var hupso_services_t=new Array(\"Twitter\",\"Facebook\",\"Google Plus\",\"Print\");var hupso_background_t=\"#EAF4FF\";var hupso_border_t=\"#66CCFF\";var hupso_toolbar_size_t=\"medium\";var hupso_image_folder_url = \"\";var hupso_url_t=\"\";var hupso_title_t=\"2000-2005\";<\/script><script type=\"text\/javascript\" src=\"https:\/\/static.hupso.com\/share\/js\/share_toolbar.js\"><\/script><!-- Hupso Share Buttons --><\/div>","protected":false},"excerpt":{"rendered":"<p>En mai 1999, apr\u00e8s de nombreuses ann\u00e9es, l&rsquo;ensemble des musiciens a d\u00e9sir\u00e9 refaire un concours d&rsquo;harmonies. Nous nous sommes donc d\u00e9plac\u00e9s au Concours National de Troyes, o\u00f9 nous avons remport\u00e9 le 1er prix ascendant en premi\u00e8re division. Le 30 mai &hellip; <a href=\"https:\/\/amvb.fr\/?page_id=26\">Continuer la lecture <span class=\"meta-nav\">&rarr;<\/span><\/a><\/p>\n","protected":false},"author":2,"featured_media":0,"parent":0,"menu_order":0,"comment_status":"closed","ping_status":"closed","template":"","meta":{"_bbp_topic_count":0,"_bbp_reply_count":0,"_bbp_total_topic_count":0,"_bbp_total_reply_count":0,"_bbp_voice_count":0,"_bbp_anonymous_reply_count":0,"_bbp_topic_count_hidden":0,"_bbp_reply_count_hidden":0,"_bbp_forum_subforum_count":0,"ngg_post_thumbnail":0,"footnotes":""},"class_list":["post-26","page","type-page","status-publish","hentry"],"aioseo_notices":[],"_links":{"self":[{"href":"https:\/\/amvb.fr\/index.php?rest_route=\/wp\/v2\/pages\/26","targetHints":{"allow":["GET"]}}],"collection":[{"href":"https:\/\/amvb.fr\/index.php?rest_route=\/wp\/v2\/pages"}],"about":[{"href":"https:\/\/amvb.fr\/index.php?rest_route=\/wp\/v2\/types\/page"}],"author":[{"embeddable":true,"href":"https:\/\/amvb.fr\/index.php?rest_route=\/wp\/v2\/users\/2"}],"replies":[{"embeddable":true,"href":"https:\/\/amvb.fr\/index.php?rest_route=%2Fwp%2Fv2%2Fcomments&post=26"}],"version-history":[{"count":2,"href":"https:\/\/amvb.fr\/index.php?rest_route=\/wp\/v2\/pages\/26\/revisions"}],"predecessor-version":[{"id":1100,"href":"https:\/\/amvb.fr\/index.php?rest_route=\/wp\/v2\/pages\/26\/revisions\/1100"}],"wp:attachment":[{"href":"https:\/\/amvb.fr\/index.php?rest_route=%2Fwp%2Fv2%2Fmedia&parent=26"}],"curies":[{"name":"wp","href":"https:\/\/api.w.org\/{rel}","templated":true}]}}