{"id":32,"date":"2018-01-16T13:24:30","date_gmt":"2018-01-16T12:24:30","guid":{"rendered":"http:\/\/amvb.fr\/?page_id=32"},"modified":"2018-01-20T23:22:32","modified_gmt":"2018-01-20T22:22:32","slug":"2010-2011","status":"publish","type":"page","link":"https:\/\/amvb.fr\/?page_id=32","title":{"rendered":"2010-2011"},"content":{"rendered":"<p style=\"text-align: center;\"><strong><a href=\"http:\/\/amvb.fr\/?page_id=30\">&lt;&#8211;<\/a> 2010 <a href=\"#2011\">&#8211;&gt;<\/a><\/strong><\/p>\n<p>Dimanche 11 avril : concert de printemps, avec un programme renouvel\u00e9 sous la direction de Laurent et de Fanny.<\/p>\n<p>Nous avons b\u00e9n\u00e9fici\u00e9 d&rsquo;un temps superbe, cette ann\u00e9e, pour notre concert dans le parc de la Roseraie, le 26 juin.<br \/>\nTr\u00e8s belle soir\u00e9e \u00e9galement pour notre soir\u00e9e pique-nique au Moulin, le mercredi 30 juin.<\/p>\n<p>A la rentr\u00e9e de septembre, comme l&rsquo;ann\u00e9e derni\u00e8re, nous donnons un concert au kiosque du Jardin du Luxembourg.<\/p>\n<p>Le dimanche 14 novembre, nous retrouvons l&rsquo;orchestre d&rsquo;harmonie de Pantin dans le cadre du DADSM (Dipl\u00f4me d\u00a0\u00bbAptitude \u00e0 la Direction des Soci\u00e9t\u00e9s Musicales) organis\u00e9 par la <a href=\"http:\/\/www.cmf-musique.org\/\" target=\"_blank\" rel=\"noopener\">CMF<\/a>.<\/p>\n<p>Le week-end du 27 novembre, nous allons en Charente Maritime, \u00e0 Saint-Genis en Saintonge, o\u00f9 nous donnons un concert avec l&rsquo;ensemble vocal du Donjon de Pons. Un accueil exceptionnel, un aventure m\u00e9morable.<\/p>\n<p>Dimanche 5 d\u00e9cembre 2010 : concert du march\u00e9 de No\u00ebl sous le signe de la Russie.<\/p>\n<p>Vendredi 17 d\u00e9cembre : nous donnons un concert en association avec le Conservatoire \u00e0 D\u00e9veloppement R\u00e9gional de l&rsquo;Ha\u00ff-les-Roses. Un partenariat tr\u00e8s r\u00e9ussi.<a name=\"2011\"><\/a><br \/>\nCe concert est d\u00e9di\u00e9 \u00e0 Joseph Pasquier, notre fondateur et ancien co-directeur du conservatoire, qui nous quitte ce m\u00eame jour&#8230;<\/p>\n<hr>\n<p style=\"text-align: center;\"><strong><a href=\"http:\/\/amvb.fr\/?page_id=32\">&lt;&#8211;<\/a> 2011 <a href=\"http:\/\/amvb.fr\/?page_id=34\">&#8211;&gt;<\/a><\/strong><\/p>\n<p>Le 9 janvier 2011, nous donnons un concert de gala pour f\u00eater les 30 ans de notre associations. Quelques anciens sont revenus jouer avec nous et Didier Descamps a bien voulu venir de Brest pour diriger la 1\u00e8re Suite&nbsp; de G. Holst.<br \/>\nUn grand moment charg\u00e9 d&rsquo;\u00e9motions, non sans une pointe d&rsquo;humour.<\/p>\n<p>Dimanche 3 avril, concert de Printemps \u00e0 l&rsquo;Auditorium.<\/p>\n<p>Le dimanche 22 mai, nous jouons dans le parc des Hautes Bruy\u00e8res, en association avec les jeunes \u00e9l\u00e8ves de 1<sup>er<\/sup> et 2<sup>\u00e8me<\/sup> cycle du conservatoire de Villejuif : jumelage r\u00e9ussi !<\/p>\n<p>Tr\u00e8s beau temps , cette ann\u00e9e encore , pour notre concert dans le parc de la Roseraie, le samedi 25 juin.<\/p>\n<p>Une belle et sympathique soir\u00e9e&nbsp; pique-nique au Moulin, le mercredi 29 juin, pour terminer cette saison musicale.<\/p>\n<p>A la rentr\u00e9e de septembre, pour la troisi\u00e8me ann\u00e9e, nous donnons un concert au kiosque du Jardin du Luxembourg, par un temps superbe.<\/p>\n<p>Le 15 octobre, dans le cadre du festival de Jazz de Bourg-la-Reine, nous donnons un concert tr\u00e8s rythm\u00e9, \u00ab\u00a0Jazz en Harmonie\u00a0\u00bb \u00e0 la salle Agoreine.<\/p>\n<p>Le samedi 19 novembre, nous retrouvons l&rsquo;orchestre d&rsquo;harmonie de Pantin (<a href=\"http:\/\/ohp.free.fr\/\" target=\"_blank\" rel=\"noopener\">OHP<\/a>) dans le cadre du DADSM (Dipl\u00f4me d&rsquo;Aptitude \u00e0 la Direction des Soci\u00e9t\u00e9s Musicales) organis\u00e9 par la <a href=\"http:\/\/www.cmf-musique.org\/\" target=\"_blank\" rel=\"noopener\">CMF<\/a>, afin de permettre \u00e0 11 candidats de passer l&rsquo;\u00e9preuve de direction d&rsquo;orchestre.<\/p>\n<p>Dimanche 4 d\u00e9cembre 2011 : concert du march\u00e9 de No\u00ebl sous le signe des pays nordiques.<\/p>\n<p style=\"text-align: right;\"><a href=\"http:\/\/amvb.fr\/?page_id=34\">&#8211;&gt;<\/a><\/p>\n<div style=\"padding-bottom:20px; padding-top:10px;\" class=\"hupso-share-buttons\"><!-- Hupso Share Buttons - https:\/\/www.hupso.com\/share\/ --><a class=\"hupso_toolbar\" href=\"https:\/\/www.hupso.com\/share\/\"><img decoding=\"async\" src=\"https:\/\/static.hupso.com\/share\/buttons\/lang\/fr\/share-medium.png\" style=\"border:0px; padding-top: 5px; float:left;\" alt=\"Share Button\"\/><\/a><script type=\"text\/javascript\">var hupso_services_t=new Array(\"Twitter\",\"Facebook\",\"Google Plus\",\"Print\");var hupso_background_t=\"#EAF4FF\";var hupso_border_t=\"#66CCFF\";var hupso_toolbar_size_t=\"medium\";var hupso_image_folder_url = \"\";var hupso_url_t=\"\";var hupso_title_t=\"2010-2011\";<\/script><script type=\"text\/javascript\" src=\"https:\/\/static.hupso.com\/share\/js\/share_toolbar.js\"><\/script><!-- Hupso Share Buttons --><\/div>","protected":false},"excerpt":{"rendered":"<p>&lt;&#8211; 2010 &#8211;&gt; Dimanche 11 avril : concert de printemps, avec un programme renouvel\u00e9 sous la direction de Laurent et de Fanny. Nous avons b\u00e9n\u00e9fici\u00e9 d&rsquo;un temps superbe, cette ann\u00e9e, pour notre concert dans le parc de la Roseraie, le &hellip; <a href=\"https:\/\/amvb.fr\/?page_id=32\">Continuer la lecture <span class=\"meta-nav\">&rarr;<\/span><\/a><\/p>\n","protected":false},"author":2,"featured_media":0,"parent":0,"menu_order":0,"comment_status":"closed","ping_status":"closed","template":"","meta":{"_bbp_topic_count":0,"_bbp_reply_count":0,"_bbp_total_topic_count":0,"_bbp_total_reply_count":0,"_bbp_voice_count":0,"_bbp_anonymous_reply_count":0,"_bbp_topic_count_hidden":0,"_bbp_reply_count_hidden":0,"_bbp_forum_subforum_count":0,"ngg_post_thumbnail":0,"footnotes":""},"class_list":["post-32","page","type-page","status-publish","hentry"],"aioseo_notices":[],"_links":{"self":[{"href":"https:\/\/amvb.fr\/index.php?rest_route=\/wp\/v2\/pages\/32","targetHints":{"allow":["GET"]}}],"collection":[{"href":"https:\/\/amvb.fr\/index.php?rest_route=\/wp\/v2\/pages"}],"about":[{"href":"https:\/\/amvb.fr\/index.php?rest_route=\/wp\/v2\/types\/page"}],"author":[{"embeddable":true,"href":"https:\/\/amvb.fr\/index.php?rest_route=\/wp\/v2\/users\/2"}],"replies":[{"embeddable":true,"href":"https:\/\/amvb.fr\/index.php?rest_route=%2Fwp%2Fv2%2Fcomments&post=32"}],"version-history":[{"count":7,"href":"https:\/\/amvb.fr\/index.php?rest_route=\/wp\/v2\/pages\/32\/revisions"}],"predecessor-version":[{"id":3859,"href":"https:\/\/amvb.fr\/index.php?rest_route=\/wp\/v2\/pages\/32\/revisions\/3859"}],"wp:attachment":[{"href":"https:\/\/amvb.fr\/index.php?rest_route=%2Fwp%2Fv2%2Fmedia&parent=32"}],"curies":[{"name":"wp","href":"https:\/\/api.w.org\/{rel}","templated":true}]}}