{"id":38,"date":"2018-01-16T13:27:25","date_gmt":"2018-01-16T12:27:25","guid":{"rendered":"http:\/\/amvb.fr\/?page_id=38"},"modified":"2023-09-10T13:05:03","modified_gmt":"2023-09-10T11:05:03","slug":"2016-2017","status":"publish","type":"page","link":"https:\/\/amvb.fr\/?page_id=38","title":{"rendered":"2016-2017"},"content":{"rendered":"<p style=\"text-align: center;\"><strong><a href=\"http:\/\/amvb.fr\/?page_id=36\">&lt;&#8211;<\/a> 2016 <a href=\"#2017\">&#8211;&gt;<\/a><\/strong><\/p>\n<p>Concert d&rsquo;hiver \u00e0 l&rsquo;auditorium, le 24 janvier, dirig\u00e9 par Sylvain qui succ\u00e8de \u00e0 Laurent.&nbsp;<\/p>\n<p>17 avril : la grande salle de la MAC est pleine, pour notre concert de printemps. Un grand moment.&nbsp;<\/p>\n<p>Le 19 juin, un certain nombre d&rsquo;entre nous vont jouer la Bandana \u00e0 Marcoussis : costume du sud-ouest de rigueur !&nbsp;<\/p>\n<p>Cette ann\u00e9e, il fait beau, le 25 juin, pour notre concert \u00e0 la Roseraie, en partenariat avec l&rsquo;orchestre d&rsquo;harmonie de Montrouge : merci au public nombreux.&nbsp;<\/p>\n<p>Le 11 septembre, pour la rentr\u00e9e, nous tenons un stand \u00e0 la journ\u00e9e des associations.<\/p>\n<p>Le 15 octobre, c&rsquo;est un vrai temps d&rsquo;\u00e9t\u00e9 au Luxembourg o\u00f9 nous jouons devant une vraie foule ! La Panth\u00e8re Rose \u00e9tait au rendez-vous.&nbsp;<\/p>\n<p>Le 4 d\u00e9cembre, le march\u00e9 de No\u00ebl est pr\u00e9sent\u00e9 de fa\u00e7on humoristique par Florient. C&rsquo;est toujours un excellent moment.&nbsp;<\/p>\n<hr>\n<p style=\"text-align: center;\"><a name=\"2017\"><\/a><strong><a href=\"http:\/\/amvb.fr\/?page_id=38\">&lt;&#8211;<\/a> 2017 <a href=\"http:\/\/amvb.fr\/?page_id=2331\">&#8211;&gt;<\/a><\/strong><\/p>\n<p>Le 13 janvier, une partie d&rsquo;entre nous est all\u00e9e jouer \u00e0 l&rsquo;Arc de Triomphe : la commune de l&rsquo;Ha\u00ff-les-Roses \u00e9tait en effet d\u00e9sign\u00e9e pour le ravivage de la flamme du Soldat Inconnu.<\/p>\n<p>Pour le concert du 15 janvier, nous avons exceptionnellement un pianiste avec nous, pour interpr\u00e9ter la Rhapsody in Blue de Gershwin : quel succ\u00e8s !&nbsp;<\/p>\n<p>Le 26 mars, concert de printemps dans la grande salle de la MAC : beaucoup de monde encore.&nbsp;<\/p>\n<p>Le 25 juin, concert \u00e0 la Roseraie.&nbsp;<\/p>\n<p>Soleil et public au rendez-vous, le 30 septembre au kiosque du Luxembourg : une r\u00e9ussite.&nbsp;<\/p>\n<p>Le 14 octobre, quelques uns d&rsquo;entre nous participent au concert de l&rsquo;orchestre du Val de Marne, dirig\u00e9 par <a href=\"http:\/\/fr.harmonium.wikia.com\/wiki\/Marie_Faucqueur\" target=\"_blank\" rel=\"noopener\">Marie Faucqueur<\/a>, \u00e0 Villecresnes.<\/p>\n<p>Encore un march\u00e9 de No\u00ebl sympathique, o\u00f9 nous jouons le 3 d\u00e9cembre.&nbsp;<\/p>\n<p>Le 10 d\u00e9cembre, grand concert de No\u00ebl \u00e0 l&rsquo;auditorium. En deuxi\u00e8me partie, l&rsquo;orchestre d&rsquo;harmonie de Bry-sur-Marne vient nous rejoindre, ainsi que les jeunes d&rsquo;Orchestre \u00e0 l&rsquo;\u00e9cole ! Une belle exp\u00e9rience et une belle r\u00e9ussite !&nbsp;<\/p>\n<p style=\"text-align: right;\"><strong><a href=\"http:\/\/amvb.fr\/?page_id=2331\">&#8211;&gt;<\/a><\/strong><\/p>\n<div style=\"padding-bottom:20px; padding-top:10px;\" class=\"hupso-share-buttons\"><!-- Hupso Share Buttons - https:\/\/www.hupso.com\/share\/ --><a class=\"hupso_toolbar\" href=\"https:\/\/www.hupso.com\/share\/\"><img decoding=\"async\" src=\"https:\/\/static.hupso.com\/share\/buttons\/lang\/fr\/share-medium.png\" style=\"border:0px; padding-top: 5px; float:left;\" alt=\"Share Button\"\/><\/a><script type=\"text\/javascript\">var hupso_services_t=new Array(\"Twitter\",\"Facebook\",\"Google Plus\",\"Print\");var hupso_background_t=\"#EAF4FF\";var hupso_border_t=\"#66CCFF\";var hupso_toolbar_size_t=\"medium\";var hupso_image_folder_url = \"\";var hupso_url_t=\"\";var hupso_title_t=\"2016-2017\";<\/script><script type=\"text\/javascript\" src=\"https:\/\/static.hupso.com\/share\/js\/share_toolbar.js\"><\/script><!-- Hupso Share Buttons --><\/div>","protected":false},"excerpt":{"rendered":"<p>&lt;&#8211; 2016 &#8211;&gt; Concert d&rsquo;hiver \u00e0 l&rsquo;auditorium, le 24 janvier, dirig\u00e9 par Sylvain qui succ\u00e8de \u00e0 Laurent.&nbsp; 17 avril : la grande salle de la MAC est pleine, pour notre concert de printemps. Un grand moment.&nbsp; Le 19 juin, un &hellip; <a href=\"https:\/\/amvb.fr\/?page_id=38\">Continuer la lecture <span class=\"meta-nav\">&rarr;<\/span><\/a><\/p>\n","protected":false},"author":2,"featured_media":0,"parent":0,"menu_order":0,"comment_status":"closed","ping_status":"closed","template":"","meta":{"_bbp_topic_count":0,"_bbp_reply_count":0,"_bbp_total_topic_count":0,"_bbp_total_reply_count":0,"_bbp_voice_count":0,"_bbp_anonymous_reply_count":0,"_bbp_topic_count_hidden":0,"_bbp_reply_count_hidden":0,"_bbp_forum_subforum_count":0,"ngg_post_thumbnail":0,"footnotes":""},"class_list":["post-38","page","type-page","status-publish","hentry"],"aioseo_notices":[],"_links":{"self":[{"href":"https:\/\/amvb.fr\/index.php?rest_route=\/wp\/v2\/pages\/38","targetHints":{"allow":["GET"]}}],"collection":[{"href":"https:\/\/amvb.fr\/index.php?rest_route=\/wp\/v2\/pages"}],"about":[{"href":"https:\/\/amvb.fr\/index.php?rest_route=\/wp\/v2\/types\/page"}],"author":[{"embeddable":true,"href":"https:\/\/amvb.fr\/index.php?rest_route=\/wp\/v2\/users\/2"}],"replies":[{"embeddable":true,"href":"https:\/\/amvb.fr\/index.php?rest_route=%2Fwp%2Fv2%2Fcomments&post=38"}],"version-history":[{"count":22,"href":"https:\/\/amvb.fr\/index.php?rest_route=\/wp\/v2\/pages\/38\/revisions"}],"predecessor-version":[{"id":5172,"href":"https:\/\/amvb.fr\/index.php?rest_route=\/wp\/v2\/pages\/38\/revisions\/5172"}],"wp:attachment":[{"href":"https:\/\/amvb.fr\/index.php?rest_route=%2Fwp%2Fv2%2Fmedia&parent=38"}],"curies":[{"name":"wp","href":"https:\/\/api.w.org\/{rel}","templated":true}]}}

<p style="text-align: center;"><strong><a href="http://amvb.fr/?page_id=36">&lt;&#8211;</a> 2016 <a href="#2017">&#8211;&gt;</a></strong></p>
<p>Concert d&rsquo;hiver à l&rsquo;auditorium, le 24 janvier, dirigé par Sylvain qui succède à Laurent.&nbsp;</p>
<p>17 avril : la grande salle de la MAC est pleine, pour notre concert de printemps. Un grand moment.&nbsp;</p>
<p>Le 19 juin, un certain nombre d&rsquo;entre nous vont jouer la Bandana à Marcoussis : costume du sud-ouest de rigueur !&nbsp;</p>
<p>Cette année, il fait beau, le 25 juin, pour notre concert à la Roseraie, en partenariat avec l&rsquo;orchestre d&rsquo;harmonie de Montrouge : merci au public nombreux.&nbsp;</p>
<p>Le 11 septembre, pour la rentrée, nous tenons un stand à la journée des associations.</p>
<p>Le 15 octobre, c&rsquo;est un vrai temps d&rsquo;été au Luxembourg où nous jouons devant une vraie foule ! La Panthère Rose était au rendez-vous.&nbsp;</p>
<p>Le 4 décembre, le marché de Noël est présenté de façon humoristique par Florient. C&rsquo;est toujours un excellent moment.&nbsp;</p>
<hr>
<p style="text-align: center;"><a name="2017"></a><strong><a href="http://amvb.fr/?page_id=38">&lt;&#8211;</a> 2017 <a href="http://amvb.fr/?page_id=2331">&#8211;&gt;</a></strong></p>
<p>Le 13 janvier, une partie d&rsquo;entre nous est allée jouer à l&rsquo;Arc de Triomphe : la commune de l&rsquo;Haÿ-les-Roses était en effet désignée pour le ravivage de la flamme du Soldat Inconnu.</p>
<p>Pour le concert du 15 janvier, nous avons exceptionnellement un pianiste avec nous, pour interpréter la Rhapsody in Blue de Gershwin : quel succès !&nbsp;</p>
<p>Le 26 mars, concert de printemps dans la grande salle de la MAC : beaucoup de monde encore.&nbsp;</p>
<p>Le 25 juin, concert à la Roseraie.&nbsp;</p>
<p>Soleil et public au rendez-vous, le 30 septembre au kiosque du Luxembourg : une réussite.&nbsp;</p>
<p>Le 14 octobre, quelques uns d&rsquo;entre nous participent au concert de l&rsquo;orchestre du Val de Marne, dirigé par <a href="http://fr.harmonium.wikia.com/wiki/Marie_Faucqueur" target="_blank" rel="noopener">Marie Faucqueur</a>, à Villecresnes.</p>
<p>Encore un marché de Noël sympathique, où nous jouons le 3 décembre.&nbsp;</p>
<p>Le 10 décembre, grand concert de Noël à l&rsquo;auditorium. En deuxième partie, l&rsquo;orchestre d&rsquo;harmonie de Bry-sur-Marne vient nous rejoindre, ainsi que les jeunes d&rsquo;Orchestre à l&rsquo;école ! Une belle expérience et une belle réussite !&nbsp;</p>
<p style="text-align: right;"><strong><a href="http://amvb.fr/?page_id=2331">&#8211;&gt;</a></strong></p>
<div style="padding-bottom:20px; padding-top:10px;" class="hupso-share-buttons"><!-- Hupso Share Buttons - https://www.hupso.com/share/ --><a class="hupso_toolbar" href="https://www.hupso.com/share/"><img decoding="async" src="https://static.hupso.com/share/buttons/lang/fr/share-medium.png" style="border:0px; padding-top: 5px; float:left;" alt="Share Button"/></a><script type="text/javascript">var hupso_services_t=new Array("Twitter","Facebook","Google Plus","Print");var hupso_background_t="#EAF4FF";var hupso_border_t="#66CCFF";var hupso_toolbar_size_t="medium";var hupso_image_folder_url = "";var hupso_url_t="";var hupso_title_t="2016-2017";</script><script type="text/javascript" src="https://static.hupso.com/share/js/share_toolbar.js"></script><!-- Hupso Share Buttons --></div>

<p>&lt;&#8211; 2016 &#8211;&gt; Concert d&rsquo;hiver à l&rsquo;auditorium, le 24 janvier, dirigé par Sylvain qui succède à Laurent.&nbsp; 17 avril : la grande salle de la MAC est pleine, pour notre concert de printemps. Un grand moment.&nbsp; Le 19 juin, un &hellip; <a href="https://amvb.fr/?page_id=38">Continuer la lecture <span class="meta-nav">&rarr;</span></a></p>
