{"id":4858,"date":"2023-01-22T10:45:33","date_gmt":"2023-01-22T09:45:33","guid":{"rendered":"http:\/\/amvb.fr\/?page_id=4858"},"modified":"2025-02-21T13:56:50","modified_gmt":"2025-02-21T12:56:50","slug":"2023-2","status":"publish","type":"page","link":"https:\/\/amvb.fr\/?page_id=4858","title":{"rendered":"2023-2024"},"content":{"rendered":"\n<p style=\"text-align: center;\"><a href=\"http:\/\/amvb.fr\/?page_id=3861\">&lt;&#8211;<\/a> 2023<strong><a href=\"#2024\"> &#8211;&gt;<\/a><\/strong><\/p>\n<p>La salle des f\u00eates \u00e9tait comble pour notre concert de d\u00e9but d&rsquo;ann\u00e9e : th\u00e8me la Norv\u00e8ge et les Vikings. L&rsquo;\u00e9nergie de la musique viking a enflamm\u00e9 le public. (<a href=\"http:\/\/amvb.fr\/?page_id=4877\" target=\"_blank\" rel=\"noopener\">photos<\/a>)<\/p>\n<p>Mardi 24 janvier, pour la Galette des Rois, certains d&rsquo;entre nous vont jouer en Banda dans la salle des f\u00eates. (<a href=\"http:\/\/amvb.fr\/?page_id=4894\" target=\"_blank\" rel=\"noopener\">photos<\/a>)<\/p>\n<p>Samedi 15 avril, nous participons au carnaval : quelques photos dans le parc de la Roseraie sur notre <a href=\"https:\/\/www.facebook.com\/harmonie.amvb\/posts\/pfbid0iFPNs9bLAXjNfAXh1WopKVVwrAyk1S5qc9uA1hPSkaDmwCarrDdAKGUWfrt7qYLyl\" target=\"_blank\" rel=\"noopener\">page FB<\/a>.<\/p>\n<p>Voyage avec l&rsquo;Orient Express : c&rsquo;est le th\u00e8me de notre concert de Printemps avec des musiques des diff\u00e9rents pays travers\u00e9s. (<a href=\"http:\/\/amvb.fr\/?page_id=4999\" target=\"_blank\" rel=\"noopener\">photos<\/a>)<\/p>\n<p>Le 13 mai, nous partons en car \u00e0 Avesnes-sur-Helpe, dans le cadre d&rsquo;un \u00e9change avec l&rsquo;orchestre d&rsquo;harmonie dirig\u00e9 par Jean-Paul Sautier, ancien chef d&rsquo;orchestre de l&rsquo;AMVB.<br>Un week-end d&rsquo;exception qui restera dans nos m\u00e9moires, en attendant de les recevoir l&rsquo;ann\u00e9e prochaine. (<a href=\"http:\/\/amvb.fr\/?page_id=5024\" target=\"_blank\" rel=\"noopener\">photos<\/a>)<\/p>\n<p>24 juin : concert d&rsquo;\u00e9t\u00e9 \u00e0 la Roseraie ; un temps id\u00e9al, un public enthousiaste : le bonheur ! (<a href=\"http:\/\/amvb.fr\/?page_id=5065\">photos<\/a>)<\/p>\n<p>Au Luxembourg, nous voyageons, le samedi 7 octobre : l&rsquo;\u00e9t\u00e9 indien nous a offert un public chaleureux. (<a href=\"https:\/\/amvb.fr\/?page_id=5196\" target=\"_blank\" rel=\"noopener\">photos<\/a>)<\/p>\n<p>D\u00e9but d\u00e9cembre, nous animons le March\u00e9 de No\u00ebl le dimanche , en fin de matin\u00e9e : public tr\u00e8s nombreux que nous avons r\u00e9chauff\u00e9 avec notre musique tr\u00e8s anim\u00e9e ! (<a href=\"https:\/\/amvb.fr\/?page_id=5251\" target=\"_blank\" rel=\"noopener\">photos<\/a>)<\/p>\n<hr>\n<p style=\"text-align: center;\"><strong><a name=\"2024\"><\/a><a href=\"https:\/\/amvb.fr\/?page_id=4858\">&lt;&#8211;<\/a> 2024 <a href=\"https:\/\/amvb.fr\/?page_id=5751\">&#8211;&gt;<\/a><\/strong><\/p>\n<p>Mardi 30 janvier, nous donnons notre concert d&rsquo;hiver \u00e0 l&rsquo;Auditorium.<\/p>\n<p>Le samedi 4 mai, nous recevons l&rsquo;orchestre d&rsquo;Avesnes-sur-Helpe qui nous avait re\u00e7u l&rsquo;ann\u00e9e derni\u00e8re. Ces retrouvailles chaleureuses nous permettent de jouer ensemble \u00e0 l&rsquo;auditorium (<a href=\"https:\/\/amvb.fr\/?page_id=5401\" target=\"_blank\" rel=\"noopener\">photos<\/a>).<\/p>\n<p>Le lendemain, les deux orchestres sont invit\u00e9s par la sous-pr\u00e9f\u00e8te, Corinne Simon, pour jouer de la Banda dans son jardin, et se retrouver autour d&rsquo;un buffet (<a href=\"https:\/\/amvb.fr\/?page_id=5423\" target=\"_blank\" rel=\"noopener\">photos<\/a>).<\/p>\n<p>Pas le grand beau temps, mais pas de pluie pour notre concert \u00e0 la Roseraie.<br>Le public \u00e9tait bien l\u00e0 et pu profiter d&rsquo;un programme exigeant (<a href=\"https:\/\/amvb.fr\/?page_id=5576\">photos<\/a>).<\/p>\n<p>Samedi de beau temps au Luxembourg, le 5 octobre, pour notre concert au kiosque. (<a href=\"https:\/\/amvb.fr\/?page_id=5614\">photos<\/a>)<\/p>\n<p>1er d\u00e9cembre : la March\u00e9 de No\u00ebl. Cette ann\u00e9e, pour accompagner l&rsquo;orchestre, nous avons une chanteuse et une conteuse. Le public&nbsp; a bien appr\u00e9ci\u00e9, en particulier les enfants.<\/p>\n<p>&nbsp;<\/p>\n<p>&nbsp;<\/p>\n<div style=\"padding-bottom:20px; padding-top:10px;\" class=\"hupso-share-buttons\"><!-- Hupso Share Buttons - https:\/\/www.hupso.com\/share\/ --><a class=\"hupso_toolbar\" href=\"https:\/\/www.hupso.com\/share\/\"><img decoding=\"async\" src=\"https:\/\/static.hupso.com\/share\/buttons\/lang\/fr\/share-medium.png\" style=\"border:0px; padding-top: 5px; float:left;\" alt=\"Share Button\"\/><\/a><script type=\"text\/javascript\">var hupso_services_t=new Array(\"Twitter\",\"Facebook\",\"Google Plus\",\"Print\");var hupso_background_t=\"#EAF4FF\";var hupso_border_t=\"#66CCFF\";var hupso_toolbar_size_t=\"medium\";var hupso_image_folder_url = \"\";var hupso_url_t=\"\";var hupso_title_t=\"2023-2024\";<\/script><script type=\"text\/javascript\" src=\"https:\/\/static.hupso.com\/share\/js\/share_toolbar.js\"><\/script><!-- Hupso Share Buttons --><\/div>","protected":false},"excerpt":{"rendered":"<p>&lt;&#8211; 2023 &#8211;&gt; La salle des f\u00eates \u00e9tait comble pour notre concert de d\u00e9but d&rsquo;ann\u00e9e : th\u00e8me la Norv\u00e8ge et les Vikings. L&rsquo;\u00e9nergie de la musique viking a enflamm\u00e9 le public. (photos) Mardi 24 janvier, pour la Galette des Rois, &hellip; <a href=\"https:\/\/amvb.fr\/?page_id=4858\">Continuer la lecture <span class=\"meta-nav\">&rarr;<\/span><\/a><\/p>\n","protected":false},"author":2,"featured_media":0,"parent":0,"menu_order":0,"comment_status":"closed","ping_status":"closed","template":"","meta":{"_bbp_topic_count":0,"_bbp_reply_count":0,"_bbp_total_topic_count":0,"_bbp_total_reply_count":0,"_bbp_voice_count":0,"_bbp_anonymous_reply_count":0,"_bbp_topic_count_hidden":0,"_bbp_reply_count_hidden":0,"_bbp_forum_subforum_count":0,"ngg_post_thumbnail":0,"footnotes":""},"class_list":["post-4858","page","type-page","status-publish","hentry"],"aioseo_notices":[],"_links":{"self":[{"href":"https:\/\/amvb.fr\/index.php?rest_route=\/wp\/v2\/pages\/4858","targetHints":{"allow":["GET"]}}],"collection":[{"href":"https:\/\/amvb.fr\/index.php?rest_route=\/wp\/v2\/pages"}],"about":[{"href":"https:\/\/amvb.fr\/index.php?rest_route=\/wp\/v2\/types\/page"}],"author":[{"embeddable":true,"href":"https:\/\/amvb.fr\/index.php?rest_route=\/wp\/v2\/users\/2"}],"replies":[{"embeddable":true,"href":"https:\/\/amvb.fr\/index.php?rest_route=%2Fwp%2Fv2%2Fcomments&post=4858"}],"version-history":[{"count":21,"href":"https:\/\/amvb.fr\/index.php?rest_route=\/wp\/v2\/pages\/4858\/revisions"}],"predecessor-version":[{"id":5753,"href":"https:\/\/amvb.fr\/index.php?rest_route=\/wp\/v2\/pages\/4858\/revisions\/5753"}],"wp:attachment":[{"href":"https:\/\/amvb.fr\/index.php?rest_route=%2Fwp%2Fv2%2Fmedia&parent=4858"}],"curies":[{"name":"wp","href":"https:\/\/api.w.org\/{rel}","templated":true}]}}