{"id":5751,"date":"2025-02-21T13:55:31","date_gmt":"2025-02-21T12:55:31","guid":{"rendered":"https:\/\/amvb.fr\/?page_id=5751"},"modified":"2026-02-01T10:56:24","modified_gmt":"2026-02-01T09:56:24","slug":"2025-2","status":"publish","type":"page","link":"https:\/\/amvb.fr\/?page_id=5751","title":{"rendered":"2025-2026"},"content":{"rendered":"\n<p style=\"text-align: center;\"><a href=\"https:\/\/amvb.fr\/?page_id=4858\">&lt;&#8211;<\/a> 2025 <a href=\"#A2026\">&#8211;&gt;<\/a><\/p>\n<p>C&rsquo;est dans la belle salle de l&rsquo;Auditorium que nous avons donn\u00e9 notre concert d&rsquo;hiver, le 8 f\u00e9vrier. Le th\u00e8me des danses latino-am\u00e9ricaine a r\u00e9chauff\u00e9 le public, toujours nombreux. (<a href=\"https:\/\/amvb.fr\/?page_id=5742\" target=\"_blank\" rel=\"noopener\">photos<\/a>)<\/p>\n<p>Voyage avec Indiana Jones, th\u00e8me de notre concert de Printemps dans la salle des f\u00eates du Moulin de la Bi\u00e8vre, samedi 29 mars. (<a href=\"https:\/\/amvb.fr\/?page_id=5834\" target=\"_blank\" rel=\"noopener\">photos<\/a>)<\/p>\n<p>Le 8 mai, une dizaine de nos musiciens participent musicalement \u00e0 la comm\u00e9moration de la fin de la seconde guerre mondiale. (<a href=\"https:\/\/amvb.fr\/?page_id=5876\" target=\"_blank\" rel=\"noopener\">photos<\/a>)<\/p>\n<p>Tr\u00e8s beau concert en commun avec l&rsquo;Harmonie de Montrouge, samedi 17 mai. (<a href=\"https:\/\/amvb.fr\/?page_id=5890\" target=\"_blank\" rel=\"noopener\">photos<\/a>)<\/p>\n<p>Le 27 juin, le public \u00e9tait au rendez-vous \u00e0 la Roseraie pour notre concert d&rsquo;\u00e9t\u00e9. (<a href=\"https:\/\/amvb.fr\/?page_id=6091\" target=\"_blank\" rel=\"noopener\">photos<\/a>)<\/p>\n<p>Coup de chance : une fen\u00eatre ensoleill\u00e9e s&rsquo;est ouverte pour notre concert au kiosque du Luxembourg, samedi 4 octobre. Le public parisien a appr\u00e9ci\u00e9. (<a href=\"https:\/\/amvb.fr\/?page_id=6134\" target=\"_blank\" rel=\"noopener\">photos<\/a>)<\/p>\n<p>Le 7 d\u00e9cembre nous jouons comme chaque ann\u00e9e au March\u00e9 de No\u00ebl. De plus, nous accompagnons une chanteuse pour deux pi\u00e8ces et une classe de CE1 pour des chants de No\u00ebl. (<a href=\"https:\/\/amvb.fr\/?page_id=6202\" target=\"_blank\" rel=\"noopener\">photos<\/a>)<\/p>\n<hr>\n<p style=\"text-align: center;\"><a id=\"A2026\"><\/a><a href=\"https:\/\/amvb.fr\/?page_id=5751\">&lt;&#8211;<\/a> 2026<\/p>\n<p>Le 31 janvier, concert d&rsquo;hiver dans la salle des f\u00eates du Moulin de la Bi\u00e8vre : salle comble !<br>Nous avons fait voyager en musique le public sur le th\u00e8me du fantastique, avec succ\u00e8s !<\/p>\n<p>&nbsp;<\/p>\n<p>&nbsp;<\/p>\n<div style=\"padding-bottom:20px; padding-top:10px;\" class=\"hupso-share-buttons\"><!-- Hupso Share Buttons - https:\/\/www.hupso.com\/share\/ --><a class=\"hupso_toolbar\" href=\"https:\/\/www.hupso.com\/share\/\"><img decoding=\"async\" src=\"https:\/\/static.hupso.com\/share\/buttons\/lang\/fr\/share-medium.png\" style=\"border:0px; padding-top: 5px; float:left;\" alt=\"Share Button\"\/><\/a><script type=\"text\/javascript\">var hupso_services_t=new Array(\"Twitter\",\"Facebook\",\"Google Plus\",\"Print\");var hupso_background_t=\"#EAF4FF\";var hupso_border_t=\"#66CCFF\";var hupso_toolbar_size_t=\"medium\";var hupso_image_folder_url = \"\";var hupso_url_t=\"\";var hupso_title_t=\"2025-2026\";<\/script><script type=\"text\/javascript\" src=\"https:\/\/static.hupso.com\/share\/js\/share_toolbar.js\"><\/script><!-- Hupso Share Buttons --><\/div>","protected":false},"excerpt":{"rendered":"<p>&lt;&#8211; 2025 &#8211;&gt; C&rsquo;est dans la belle salle de l&rsquo;Auditorium que nous avons donn\u00e9 notre concert d&rsquo;hiver, le 8 f\u00e9vrier. Le th\u00e8me des danses latino-am\u00e9ricaine a r\u00e9chauff\u00e9 le public, toujours nombreux. (photos) Voyage avec Indiana Jones, th\u00e8me de notre concert &hellip; <a href=\"https:\/\/amvb.fr\/?page_id=5751\">Continuer la lecture <span class=\"meta-nav\">&rarr;<\/span><\/a><\/p>\n","protected":false},"author":2,"featured_media":0,"parent":0,"menu_order":0,"comment_status":"closed","ping_status":"closed","template":"","meta":{"_bbp_topic_count":0,"_bbp_reply_count":0,"_bbp_total_topic_count":0,"_bbp_total_reply_count":0,"_bbp_voice_count":0,"_bbp_anonymous_reply_count":0,"_bbp_topic_count_hidden":0,"_bbp_reply_count_hidden":0,"_bbp_forum_subforum_count":0,"ngg_post_thumbnail":0,"footnotes":""},"class_list":["post-5751","page","type-page","status-publish","hentry"],"aioseo_notices":[],"_links":{"self":[{"href":"https:\/\/amvb.fr\/index.php?rest_route=\/wp\/v2\/pages\/5751","targetHints":{"allow":["GET"]}}],"collection":[{"href":"https:\/\/amvb.fr\/index.php?rest_route=\/wp\/v2\/pages"}],"about":[{"href":"https:\/\/amvb.fr\/index.php?rest_route=\/wp\/v2\/types\/page"}],"author":[{"embeddable":true,"href":"https:\/\/amvb.fr\/index.php?rest_route=\/wp\/v2\/users\/2"}],"replies":[{"embeddable":true,"href":"https:\/\/amvb.fr\/index.php?rest_route=%2Fwp%2Fv2%2Fcomments&post=5751"}],"version-history":[{"count":21,"href":"https:\/\/amvb.fr\/index.php?rest_route=\/wp\/v2\/pages\/5751\/revisions"}],"predecessor-version":[{"id":6228,"href":"https:\/\/amvb.fr\/index.php?rest_route=\/wp\/v2\/pages\/5751\/revisions\/6228"}],"wp:attachment":[{"href":"https:\/\/amvb.fr\/index.php?rest_route=%2Fwp%2Fv2%2Fmedia&parent=5751"}],"curies":[{"name":"wp","href":"https:\/\/api.w.org\/{rel}","templated":true}]}}

<p style="text-align: center;"><a href="https://amvb.fr/?page_id=4858">&lt;&#8211;</a> 2025 <a href="#A2026">&#8211;&gt;</a></p>
<p>C&rsquo;est dans la belle salle de l&rsquo;Auditorium que nous avons donné notre concert d&rsquo;hiver, le 8 février. Le thème des danses latino-américaine a réchauffé le public, toujours nombreux. (<a href="https://amvb.fr/?page_id=5742" target="_blank" rel="noopener">photos</a>)</p>
<p>Voyage avec Indiana Jones, thème de notre concert de Printemps dans la salle des fêtes du Moulin de la Bièvre, samedi 29 mars. (<a href="https://amvb.fr/?page_id=5834" target="_blank" rel="noopener">photos</a>)</p>
<p>Le 8 mai, une dizaine de nos musiciens participent musicalement à la commémoration de la fin de la seconde guerre mondiale. (<a href="https://amvb.fr/?page_id=5876" target="_blank" rel="noopener">photos</a>)</p>
<p>Très beau concert en commun avec l&rsquo;Harmonie de Montrouge, samedi 17 mai. (<a href="https://amvb.fr/?page_id=5890" target="_blank" rel="noopener">photos</a>)</p>
<p>Le 27 juin, le public était au rendez-vous à la Roseraie pour notre concert d&rsquo;été. (<a href="https://amvb.fr/?page_id=6091" target="_blank" rel="noopener">photos</a>)</p>
<p>Coup de chance : une fenêtre ensoleillée s&rsquo;est ouverte pour notre concert au kiosque du Luxembourg, samedi 4 octobre. Le public parisien a apprécié. (<a href="https://amvb.fr/?page_id=6134" target="_blank" rel="noopener">photos</a>)</p>
<p>Le 7 décembre nous jouons comme chaque année au Marché de Noël. De plus, nous accompagnons une chanteuse pour deux pièces et une classe de CE1 pour des chants de Noël. (<a href="https://amvb.fr/?page_id=6202" target="_blank" rel="noopener">photos</a>)</p>
<hr>
<p style="text-align: center;"><a id="A2026"></a><a href="https://amvb.fr/?page_id=5751">&lt;&#8211;</a> 2026</p>
<p>Le 31 janvier, concert d&rsquo;hiver dans la salle des fêtes du Moulin de la Bièvre : salle comble !<br>Nous avons fait voyager en musique le public sur le thème du fantastique, avec succès !</p>
<p>&nbsp;</p>
<p>&nbsp;</p>
<div style="padding-bottom:20px; padding-top:10px;" class="hupso-share-buttons"><!-- Hupso Share Buttons - https://www.hupso.com/share/ --><a class="hupso_toolbar" href="https://www.hupso.com/share/"><img decoding="async" src="https://static.hupso.com/share/buttons/lang/fr/share-medium.png" style="border:0px; padding-top: 5px; float:left;" alt="Share Button"/></a><script type="text/javascript">var hupso_services_t=new Array("Twitter","Facebook","Google Plus","Print");var hupso_background_t="#EAF4FF";var hupso_border_t="#66CCFF";var hupso_toolbar_size_t="medium";var hupso_image_folder_url = "";var hupso_url_t="";var hupso_title_t="2025-2026";</script><script type="text/javascript" src="https://static.hupso.com/share/js/share_toolbar.js"></script><!-- Hupso Share Buttons --></div>

<p>&lt;&#8211; 2025 &#8211;&gt; C&rsquo;est dans la belle salle de l&rsquo;Auditorium que nous avons donné notre concert d&rsquo;hiver, le 8 février. Le thème des danses latino-américaine a réchauffé le public, toujours nombreux. (photos) Voyage avec Indiana Jones, thème de notre concert &hellip; <a href="https://amvb.fr/?page_id=5751">Continuer la lecture <span class="meta-nav">&rarr;</span></a></p>
