{"id":71,"date":"2018-01-16T13:57:26","date_gmt":"2018-01-16T12:57:26","guid":{"rendered":"http:\/\/amvb.fr\/?page_id=71"},"modified":"2026-03-21T20:43:15","modified_gmt":"2026-03-21T19:43:15","slug":"membres","status":"publish","type":"page","link":"https:\/\/amvb.fr\/?page_id=71","title":{"rendered":"Orchestre"},"content":{"rendered":"<div class=\"gca-column one-half first\"><img loading=\"lazy\" decoding=\"async\" class=\"alignnone size-full wp-image-56\" src=\"http:\/\/amvb.fr\/wp-content\/uploads\/2018\/01\/director.png\" alt=\"\" width=\"50\" height=\"51\"><strong>Direction :<br \/>\n<\/strong>Sylvain Victor<\/p>\n<p><img loading=\"lazy\" decoding=\"async\" class=\"alignnone size-full wp-image-63\" src=\"http:\/\/amvb.fr\/wp-content\/uploads\/2018\/01\/president-dhonneur.png\" alt=\"\" width=\"50\" height=\"47\"><strong>Pr\u00e9sident d&rsquo;honneur :<\/strong><br \/>\nClaude Paris<\/p>\n<p><img loading=\"lazy\" decoding=\"async\" class=\"alignnone size-full wp-image-57\" src=\"http:\/\/amvb.fr\/wp-content\/uploads\/2018\/01\/flute.png\" alt=\"\" width=\"50\" height=\"58\"><strong>Fl\u00fbtes :<br \/>\n<\/strong>\u00c9ric Bayle<br \/>\nFanny Bellot-Gurlet<br \/>\nFlore Eckert<br \/>\nLaetitia Martin<br \/>\nClaire Printemps<\/p>\n<p><img loading=\"lazy\" decoding=\"async\" class=\"alignnone size-full wp-image-59\" src=\"http:\/\/amvb.fr\/wp-content\/uploads\/2018\/01\/hautbois.png\" alt=\"\" width=\"50\" height=\"38\"><strong>Hautbois :<br \/>\n<\/strong>Akiko Sato<\/p>\n<p><img loading=\"lazy\" decoding=\"async\" class=\"alignnone size-full wp-image-48\" src=\"http:\/\/amvb.fr\/wp-content\/uploads\/2018\/01\/basson_50_50.png\" alt=\"\" width=\"50\" height=\"50\"><strong>Bassons :<\/strong><br \/>\nPascale Naquet<br \/>\nAriane Le Dore-Goodwin<\/p>\n<p><img loading=\"lazy\" decoding=\"async\" class=\"alignnone size-full wp-image-52\" src=\"http:\/\/amvb.fr\/wp-content\/uploads\/2018\/01\/clarinette256.png\" alt=\"\" width=\"50\" height=\"50\"><strong>Clarinettes :<br \/>\n<\/strong>Emmanuel Blanche<strong><br \/>\n<\/strong>Barbara Bouteille<br \/>\nMargaux Chantoiseau<br \/>\nNicolas De Rotalier<br \/>\nMichelle Guillemer<br \/>\nG\u00e9rard Le Du<br \/>\nMona Mahfouz<br \/>\nClaude Maitre<br \/>\nS\u00e9bastien Murgey<br \/>\nFlorence Peyrebere<br \/>\nMarc Rebillat<\/p>\n<p><img loading=\"lazy\" decoding=\"async\" class=\"alignnone size-full wp-image-51\" src=\"http:\/\/amvb.fr\/wp-content\/uploads\/2018\/01\/clar-basse.png\" alt=\"\" width=\"31\" height=\"85\"><strong>Clarinette basse :<\/strong><br \/>\nJo\u00eblle Maillefert<\/p>\n<p>&nbsp;<\/p><\/div>\n<div class=\"gca-column one-half\"><p><img loading=\"lazy\" decoding=\"async\" class=\"alignnone size-full wp-image-65\" src=\"http:\/\/amvb.fr\/wp-content\/uploads\/2018\/01\/saxo-alto256.png\" alt=\"\" width=\"50\" height=\"50\"><strong>Saxophones altos :<\/strong><br \/>\n\u00c9ric Bonaf\u00e9<br \/>\n\u00c9milien Chapon<br \/>\nMargot Guilard<br \/>\nC\u00e9line Schewetta<br \/>\nJos\u00e9 Manuel Laranjeira Matos<\/p>\n<p><img loading=\"lazy\" decoding=\"async\" class=\"alignnone size-full wp-image-66\" src=\"http:\/\/amvb.fr\/wp-content\/uploads\/2018\/01\/saxo-tenor256.png\" alt=\"\" width=\"50\" height=\"50\"><strong>Saxophones t\u00e9nors :<\/strong><br \/>\nBrigitte Dumont<br \/>\nOlivier Gay<\/p>\n<p><img loading=\"lazy\" decoding=\"async\" class=\"alignnone size-full wp-image-64\" src=\"http:\/\/amvb.fr\/wp-content\/uploads\/2018\/01\/sax_baryton.png\" alt=\"\" width=\"48\" height=\"74\"><strong>Saxophone baryton :<br \/>\n<\/strong>Mathis Motet<strong><br \/>\n<\/strong><\/p>\n<p><img loading=\"lazy\" decoding=\"async\" class=\"alignnone size-full wp-image-55\" src=\"http:\/\/amvb.fr\/wp-content\/uploads\/2018\/01\/corps.png\" alt=\"\" width=\"50\" height=\"40\"><strong>Cors d&rsquo;harmonie :<\/strong><br \/>\nPhilippe Beaujoin<br \/>\nL\u00e9a Bonnetaud<br \/>\nCarole Favre-Coutillet<\/p>\n<p><img loading=\"lazy\" decoding=\"async\" class=\"alignnone size-full wp-image-69\" src=\"http:\/\/amvb.fr\/wp-content\/uploads\/2018\/01\/Trumpett256.png\" alt=\"\" width=\"50\" height=\"50\"><strong>Trompettes :<\/strong><br \/>\nB\u00e9n\u00e9dicte Blochet<br \/>\nNina Bussi\u00e8re<br \/>\nCl\u00e9ment Gulbierz<br \/>\nCamila Organista<br \/>\nR\u00e9my Perrotte<br \/>\nGuillaume Ranc<\/p>\n<p><img loading=\"lazy\" decoding=\"async\" class=\"alignnone size-full wp-image-68\" src=\"http:\/\/amvb.fr\/wp-content\/uploads\/2018\/01\/Trombonne256.png\" alt=\"\" width=\"50\" height=\"50\"><strong>Trombones :<br \/>\n<\/strong>Am\u00e9lie Cazals<br \/>\nDoroth\u00e9e Gayaud<br \/>\nAlice Hamelin<br \/>\nK\u00e9vin Picrode<br \/>\nJulien Rachedi<br \/>\nGabriel Rebillat<\/p>\n<p><img loading=\"lazy\" decoding=\"async\" class=\"alignnone size-full wp-image-47\" src=\"http:\/\/amvb.fr\/wp-content\/uploads\/2018\/01\/baryton256.png\" alt=\"\" width=\"50\" height=\"50\"><strong>Baryton :<\/strong><br \/>\nChristian Clavier<br \/>\nH\u00e9di Lahbairi<\/p>\n<p><img loading=\"lazy\" decoding=\"async\" class=\"alignnone size-full wp-image-70\" src=\"http:\/\/amvb.fr\/wp-content\/uploads\/2018\/01\/tuba-basse.png\" alt=\"\" width=\"50\" height=\"63\"><strong>Tubas basses :<br \/>\n<\/strong>Marie-Pierre Bonneau<br \/>\nMichel Jeunet<\/p>\n<p><img loading=\"lazy\" decoding=\"async\" class=\"alignnone size-full wp-image-2650\" src=\"http:\/\/amvb.fr\/wp-content\/uploads\/2018\/09\/basse_elect.png\" alt=\"\" width=\"50\" height=\"50\"><strong>Guitare basse :<\/strong><br \/>\nAdrien Durand<\/p>\n<p><img loading=\"lazy\" decoding=\"async\" class=\"alignnone size-full wp-image-49\" src=\"http:\/\/amvb.fr\/wp-content\/uploads\/2018\/01\/batterie256.png\" alt=\"\" width=\"50\" height=\"50\"><strong>Percussions :<\/strong><br \/>\nAnne Colomer-Pallas<br \/>\nNathan Foissac<br \/><\/div>\n<p style=\"text-align: left;\">Cliquez sur l&rsquo;image ci-dessous pour rep\u00e9rer les diff\u00e9rents pupitres de l&rsquo;orchestre :<\/p>\n\n<style>\n\t#hotspot-2274 .hotspots-image-container,\n\t#hotspot-2274 .leaflet-container {\n\t\tbackground: #000000\t}\n\n\t#hotspot-2274 .hotspots-placeholder {\n\t\tbackground: #000000;\n\t\tborder: 0 #000000 solid;\n\t\tcolor: #ffffff;\n\t}\n\n\t#hotspot-2274 .hotspot-title {\n\t\tcolor: #ffffff;\n\t}\n\n\t\t\t#hotspot-2274 .hotspot-default {\n\t\t\tstroke-width: 1;\n\t\t\tfill: #ffffff;\n\t\t\tfill-opacity: 0;\n\t\t\tstroke: #ffffff;\n\t\t\tstroke-opacity: 0;\n\t\t}\n\t\t#hotspot-2274 .hotspot-default:hover,\n\t\t#hotspot-2274 .hotspot-default:focus-visible,\n\t\t#hotspot-2274 .hotspot-default.hotspot-active {\n\t\t\tfill: #ddb06c;\n\t\t\tfill-opacity: 0.81;\n\t\t\tstroke: #ffffff;\n\t\t\tstroke-opacity: 0.81;\n\t\t}\n\t\t#hotspot-2274 .leaflet-tooltip,\n\t#hotspot-2274 .leaflet-rrose-content-wrapper {\n\t\tbackground: #000000;\n\t\tborder-color: #000000;\n\t\tcolor: #ffffff;\n\t}\n\n\t#hotspot-2274 a.leaflet-rrose-close-button {\n\t\tcolor: #ffffff;\n\t}\n\n\t#hotspot-2274 .leaflet-rrose-tip {\n\t\tbackground: #000000;\n\t}\n\n\t#hotspot-2274 .leaflet-popup-scrolled {\n\t\tborder-bottom-color: #ffffff;\n\t\tborder-top-color: #ffffff;\n\t}\n\n\t#hotspot-2274 .leaflet-tooltip-top:before {\n\t\tborder-top-color: #000000;\n\t}\n\n\t#hotspot-2274 .leaflet-tooltip-bottom:before {\n\t\tborder-bottom-color: #000000;\n\t}\n\t#hotspot-2274 .leaflet-tooltip-left:before {\n\t\tborder-left-color: #000000;\n\t}\n\t#hotspot-2274 .leaflet-tooltip-right:before {\n\t\tborder-right-color: #000000;\n\t}\n<\/style>\n\n\t\n\t<div class=\"hotspots-container  layout-left event-click\" id=\"hotspot-2274\" data-layout=\"left\" data-trigger=\"click\">\n\t\t<div class=\"hotspots-interaction\">\n\t\t\t\t<div class=\"hotspots-placeholder\" id=\"content-hotspot-2274\">\n\t\t<div class=\"hotspot-initial\">\n\t\t\t\t\t\t\t\t\t<div class=\"hotspot-content\">\n\t\t\t\t\t\t\t<\/div>\n\t\t<\/div>\n\t<\/div>\n<div class=\"hotspots-image-container\">\n\t<img\n\t\twidth=\"1211\"\n\t\theight=\"636\"\n\t\tsrc=\"https:\/\/amvb.fr\/wp-content\/uploads\/2018\/02\/panoramique_amvb_1211_636.jpg\"\n\t\talt=\"\"\n\t\tclass=\"hotspots-image skip-lazy\"\n\t\tusemap=\"#hotspots-image-2274\"\n\t\tdata-image-title=\"\"\n\t\tdata-image-description=\"\"\n\t\tdata-event-trigger=\"click\"\n\t\tdata-always-visible=\"false\"\n\t\tdata-id=\"2274\"\n\t\tdata-no-lazy=\"1\"\n\t\tdata-lazy-src=\"\"\n\t\tdata-lazy=\"false\"\n\t\tloading=\"eager\"\n\t\tdata-skip-lazy=\"1\"\n\t\t>\n<\/div>\t\t<\/div>\n\t\t<map name=\"hotspots-image-2274\" class=\"hotspots-map\">\n\t\t\t\t\t\t\t\t\t\t\t<area\n\t\t\t\t\tshape=\"polygon\"\n\t\t\t\t\tcoords=\"10,187,33,178,55,178,75,170,96,178,109,207,216,178,257,177,302,154,336,173,354,161,373,140,395,150,420,180,436,202,451,230,466,258,474,340,475,364,336,413,146,405,14,384\"\n\t\t\t\t\thref=\"#hotspot-hotspot-2274-0\"\n\t\t\t\t\trel=\"\"\n\t\t\t\t\ttitle=\"Clarinettes\"\n\t\t\t\t\talt=\"Clarinettes\"\n\t\t\t\t\tdata-action=\"\"\n\t\t\t\t\tdata-color-scheme=\"\"\n\t\t\t\t\ttarget=\"\"\n\t\t\t\t\tclass=\"more-info-area\"\n\t\t\t\t\t>\n\t\t\t\t\t\t\t\t\t\t\t<area\n\t\t\t\t\tshape=\"polygon\"\n\t\t\t\t\tcoords=\"214,113,220,165,273,172,301,155,355,158,365,127,356,110\"\n\t\t\t\t\thref=\"#hotspot-hotspot-2274-1\"\n\t\t\t\t\trel=\"\"\n\t\t\t\t\ttitle=\"Cors d&#039;harmonie\"\n\t\t\t\t\talt=\"Cors d&#039;harmonie\"\n\t\t\t\t\tdata-action=\"\"\n\t\t\t\t\tdata-color-scheme=\"\"\n\t\t\t\t\ttarget=\"\"\n\t\t\t\t\tclass=\"more-info-area\"\n\t\t\t\t\t>\n\t\t\t\t\t\t\t\t\t\t\t<area\n\t\t\t\t\tshape=\"polygon\"\n\t\t\t\t\tcoords=\"417,109,404,166,434,174,450,153,466,136,485,157,507,156,528,150,546,153,564,152,578,155,597,160,620,142,636,149,671,151,686,152,723,151,739,169,786,175,825,162,832,171,860,177,891,169,894,113,745,117,677,105,655,110\"\n\t\t\t\t\thref=\"#hotspot-hotspot-2274-2\"\n\t\t\t\t\trel=\"\"\n\t\t\t\t\ttitle=\"Trompettes et cornets\"\n\t\t\t\t\talt=\"Trompettes et cornets\"\n\t\t\t\t\tdata-action=\"\"\n\t\t\t\t\tdata-color-scheme=\"\"\n\t\t\t\t\ttarget=\"\"\n\t\t\t\t\tclass=\"more-info-area\"\n\t\t\t\t\t>\n\t\t\t\t\t\t\t\t\t\t\t<area\n\t\t\t\t\tshape=\"polygon\"\n\t\t\t\t\tcoords=\"338,75,341,112,355,119,363,139,389,141,413,131,428,106,456,113,505,109,536,128,565,132,577,117,591,117,583,63,556,52,479,50,457,52\"\n\t\t\t\t\thref=\"#hotspot-hotspot-2274-3\"\n\t\t\t\t\trel=\"\"\n\t\t\t\t\ttitle=\"Percussions\"\n\t\t\t\t\talt=\"Percussions\"\n\t\t\t\t\tdata-action=\"\"\n\t\t\t\t\tdata-color-scheme=\"\"\n\t\t\t\t\ttarget=\"\"\n\t\t\t\t\tclass=\"more-info-area\"\n\t\t\t\t\t>\n\t\t\t\t\t\t\t\t\t\t\t<area\n\t\t\t\t\tshape=\"polygon\"\n\t\t\t\t\tcoords=\"60,113,52,181,71,171,88,173,92,187,107,204,140,198,179,191,206,183,233,176,234,164,207,142\"\n\t\t\t\t\thref=\"#hotspot-hotspot-2274-4\"\n\t\t\t\t\trel=\"\"\n\t\t\t\t\ttitle=\"Piano\"\n\t\t\t\t\talt=\"Piano\"\n\t\t\t\t\tdata-action=\"\"\n\t\t\t\t\tdata-color-scheme=\"\"\n\t\t\t\t\ttarget=\"\"\n\t\t\t\t\tclass=\"more-info-area\"\n\t\t\t\t\t>\n\t\t\t\t\t\t\t\t\t\t\t<area\n\t\t\t\t\tshape=\"polygon\"\n\t\t\t\t\tcoords=\"449,138,433,170,431,192,457,202,489,204,506,185,519,186,529,166,538,162,550,163,563,171,562,196,587,209,641,214,671,179,694,176,706,187,727,193,732,167,721,153,660,158,632,147,608,148,592,158,522,137\"\n\t\t\t\t\thref=\"#hotspot-hotspot-2274-5\"\n\t\t\t\t\trel=\"\"\n\t\t\t\t\ttitle=\"Fl\u00fbtes\"\n\t\t\t\t\talt=\"Fl\u00fbtes\"\n\t\t\t\t\tdata-action=\"\"\n\t\t\t\t\tdata-color-scheme=\"\"\n\t\t\t\t\ttarget=\"\"\n\t\t\t\t\tclass=\"more-info-area\"\n\t\t\t\t\t>\n\t\t\t\t\t\t\t\t\t\t\t<area\n\t\t\t\t\tshape=\"polygon\"\n\t\t\t\t\tcoords=\"503,421,500,299,487,257,491,217,476,190,479,165,488,156,505,161,513,189,520,189,526,169,540,159,561,158,564,180,567,192,578,202,585,202,586,183,591,171,605,174,613,186,611,223,602,254,578,259,585,291,572,327,573,427,559,435,514,432\"\n\t\t\t\t\thref=\"#hotspot-hotspot-2274-6\"\n\t\t\t\t\trel=\"\"\n\t\t\t\t\ttitle=\"Chef d&#039;orchestre\"\n\t\t\t\t\talt=\"Chef d&#039;orchestre\"\n\t\t\t\t\tdata-action=\"\"\n\t\t\t\t\tdata-color-scheme=\"\"\n\t\t\t\t\ttarget=\"\"\n\t\t\t\t\tclass=\"more-info-area\"\n\t\t\t\t\t>\n\t\t\t\t\t\t\t\t\t\t\t<area\n\t\t\t\t\tshape=\"polygon\"\n\t\t\t\t\tcoords=\"674,177,672,198,662,213,664,237,646,269,636,293,650,319,663,342,706,358,743,360,757,319,764,286,766,263,772,233,782,215,788,190,774,177,738,175,727,202,709,200,708,180,702,174,689,170,681,171\"\n\t\t\t\t\thref=\"#hotspot-hotspot-2274-7\"\n\t\t\t\t\trel=\"\"\n\t\t\t\t\ttitle=\"Hautbois et cor anglais\"\n\t\t\t\t\talt=\"Hautbois et cor anglais\"\n\t\t\t\t\tdata-action=\"\"\n\t\t\t\t\tdata-color-scheme=\"\"\n\t\t\t\t\ttarget=\"\"\n\t\t\t\t\tclass=\"more-info-area\"\n\t\t\t\t\t>\n\t\t\t\t\t\t\t\t\t\t\t<area\n\t\t\t\t\tshape=\"polygon\"\n\t\t\t\t\tcoords=\"789,162,788,195,799,193,813,192,819,205,828,216,847,217,850,183,834,165,816,152\"\n\t\t\t\t\thref=\"#hotspot-hotspot-2274-8\"\n\t\t\t\t\trel=\"\"\n\t\t\t\t\ttitle=\"Basson\"\n\t\t\t\t\talt=\"Basson\"\n\t\t\t\t\tdata-action=\"\"\n\t\t\t\t\tdata-color-scheme=\"\"\n\t\t\t\t\ttarget=\"\"\n\t\t\t\t\tclass=\"more-info-area\"\n\t\t\t\t\t>\n\t\t\t\t\t\t\t\t\t\t\t<area\n\t\t\t\t\tshape=\"polygon\"\n\t\t\t\t\tcoords=\"790,192,779,216,769,237,764,257,763,281,757,304,761,355,802,421,928,427,997,398,1137,392,1204,384,1203,186,1165,194,1155,210,1136,231,1127,254,1111,268,1078,259,1064,229,1053,193,1023,195,1009,210,994,202,995,174,974,164,959,179,954,196,930,213,913,225,901,226,889,208,877,195,849,202,844,220,831,220,825,197,807,188\"\n\t\t\t\t\thref=\"#hotspot-hotspot-2274-9\"\n\t\t\t\t\trel=\"\"\n\t\t\t\t\ttitle=\"Saxophones\"\n\t\t\t\t\talt=\"Saxophones\"\n\t\t\t\t\tdata-action=\"\"\n\t\t\t\t\tdata-color-scheme=\"\"\n\t\t\t\t\ttarget=\"\"\n\t\t\t\t\tclass=\"more-info-area\"\n\t\t\t\t\t>\n\t\t\t\t\t\t\t\t\t\t\t<area\n\t\t\t\t\tshape=\"polygon\"\n\t\t\t\t\tcoords=\"848,177,879,166,905,165,922,166,929,187,932,205,930,223,890,219,884,205,867,201,852,205\"\n\t\t\t\t\thref=\"#hotspot-hotspot-2274-10\"\n\t\t\t\t\trel=\"\"\n\t\t\t\t\ttitle=\"Euphonium\"\n\t\t\t\t\talt=\"Euphonium\"\n\t\t\t\t\tdata-action=\"\"\n\t\t\t\t\tdata-color-scheme=\"\"\n\t\t\t\t\ttarget=\"\"\n\t\t\t\t\tclass=\"more-info-area\"\n\t\t\t\t\t>\n\t\t\t\t\t\t\t\t\t\t\t<area\n\t\t\t\t\tshape=\"polygon\"\n\t\t\t\t\tcoords=\"930,131,921,151,913,170,917,179,921,188,959,193,968,173,985,170,996,179,996,189,994,201,1017,212,1036,189,1054,170,1051,150,1018,138\"\n\t\t\t\t\thref=\"#hotspot-hotspot-2274-11\"\n\t\t\t\t\trel=\"\"\n\t\t\t\t\ttitle=\"Trombones\"\n\t\t\t\t\talt=\"Trombones\"\n\t\t\t\t\tdata-action=\"\"\n\t\t\t\t\tdata-color-scheme=\"\"\n\t\t\t\t\ttarget=\"\"\n\t\t\t\t\tclass=\"more-info-area\"\n\t\t\t\t\t>\n\t\t\t\t\t\t\t\t\t\t\t<area\n\t\t\t\t\tshape=\"polygon\"\n\t\t\t\t\tcoords=\"1056,139,1050,163,1043,187,1055,197,1061,210,1081,217,1088,223,1098,248,1115,266,1131,264,1138,253,1140,237,1157,218,1167,193,1157,174,1124,170,1111,152,1085,138\"\n\t\t\t\t\thref=\"#hotspot-hotspot-2274-12\"\n\t\t\t\t\trel=\"\"\n\t\t\t\t\ttitle=\"Tubas basses\"\n\t\t\t\t\talt=\"Tubas basses\"\n\t\t\t\t\tdata-action=\"\"\n\t\t\t\t\tdata-color-scheme=\"\"\n\t\t\t\t\ttarget=\"\"\n\t\t\t\t\tclass=\"more-info-area\"\n\t\t\t\t\t>\n\t\t\t\t\t<\/map>\n\n\t\t\n\t\t\t\t\t\n\t\t\t\t\t\t<div class=\"hotspot-info \" id=\"hotspot-hotspot-2274-0\">\n\t\t\t\t\n\t\t\t\t<h2 class=\"hotspot-title\">Clarinettes<\/h2>\t\t\t\t\t\t\t\t<div class=\"hotspot-content\">\n\t\t\t\t\t<p>Pupitre des clarinettes 1, 2 et 3 et clarinette basse.<\/p>\n\t\t\t\t<\/div>\n\t\t\t<\/div>\n\t\t\t\t\t\n\t\t\t\t\t\t<div class=\"hotspot-info \" id=\"hotspot-hotspot-2274-1\">\n\t\t\t\t\n\t\t\t\t<h2 class=\"hotspot-title\">Cors d'harmonie<\/h2>\t\t\t\t\t\t\t\t<div class=\"hotspot-content\">\n\t\t\t\t\t<p>Pupitre des cors.<br \/>\nOn peut avoir jusqu'\u00e0 4 cors d'harmonie.<\/p>\n\t\t\t\t<\/div>\n\t\t\t<\/div>\n\t\t\t\t\t\n\t\t\t\t\t\t<div class=\"hotspot-info \" id=\"hotspot-hotspot-2274-2\">\n\t\t\t\t\n\t\t\t\t<h2 class=\"hotspot-title\">Trompettes et cornets<\/h2>\t\t\t\t\t\t\t\t<div class=\"hotspot-content\">\n\t\t\t\t\t<p>Pupitre des trompettes 1, 2 et 3 et des cornets 1,2 et3<\/p>\n\t\t\t\t<\/div>\n\t\t\t<\/div>\n\t\t\t\t\t\n\t\t\t\t\t\t<div class=\"hotspot-info \" id=\"hotspot-hotspot-2274-3\">\n\t\t\t\t\n\t\t\t\t<h2 class=\"hotspot-title\">Percussions<\/h2>\t\t\t\t\t\t\t\t<div class=\"hotspot-content\">\n\t\t\t\t\t<p>Pupitre des percussion : batterie, timbale, claviers et autres...<\/p>\n\t\t\t\t<\/div>\n\t\t\t<\/div>\n\t\t\t\t\t\n\t\t\t\t\t\t<div class=\"hotspot-info \" id=\"hotspot-hotspot-2274-4\">\n\t\t\t\t\n\t\t\t\t<h2 class=\"hotspot-title\">Piano<\/h2>\t\t\t\t\t\t\t\t<div class=\"hotspot-content\">\n\t\t\t\t\t<p>Un pianiste peut \u00eatre pr\u00e9sent pour jouer certaines \u0153uvres.<\/p>\n\t\t\t\t<\/div>\n\t\t\t<\/div>\n\t\t\t\t\t\n\t\t\t\t\t\t<div class=\"hotspot-info \" id=\"hotspot-hotspot-2274-5\">\n\t\t\t\t\n\t\t\t\t<h2 class=\"hotspot-title\">Fl\u00fbtes<\/h2>\t\t\t\t\t\t\t\t<div class=\"hotspot-content\">\n\t\t\t\t\t<p>Pupitre de fl\u00fbtes : 1, 2 et piccolo<\/p>\n\t\t\t\t<\/div>\n\t\t\t<\/div>\n\t\t\t\t\t\n\t\t\t\t\t\t<div class=\"hotspot-info \" id=\"hotspot-hotspot-2274-6\">\n\t\t\t\t\n\t\t\t\t<h2 class=\"hotspot-title\">Chef d'orchestre<\/h2>\t\t\t\t\t\t\t\t<div class=\"hotspot-content\">\n\t\t\t\t\t<p>Dirige pendant les concert et fait travailler pendant les r\u00e9p\u00e9titions.<\/p>\n\t\t\t\t<\/div>\n\t\t\t<\/div>\n\t\t\t\t\t\n\t\t\t\t\t\t<div class=\"hotspot-info \" id=\"hotspot-hotspot-2274-7\">\n\t\t\t\t\n\t\t\t\t<h2 class=\"hotspot-title\">Hautbois et cor anglais<\/h2>\t\t\t\t\t\t\t\t<div class=\"hotspot-content\">\n\t\t\t\t\t<p>Pupitre des hautbois et cor anglais, instruments \u00e0 anche double.<\/p>\n\t\t\t\t<\/div>\n\t\t\t<\/div>\n\t\t\t\t\t\n\t\t\t\t\t\t<div class=\"hotspot-info \" id=\"hotspot-hotspot-2274-8\">\n\t\t\t\t\n\t\t\t\t<h2 class=\"hotspot-title\">Basson<\/h2>\t\t\t\t\t\t\t\t<div class=\"hotspot-content\">\n\t\t\t\t\t<p>Le plus grave des instruments \u00e0 anche double<\/p>\n\t\t\t\t<\/div>\n\t\t\t<\/div>\n\t\t\t\t\t\n\t\t\t\t\t\t<div class=\"hotspot-info \" id=\"hotspot-hotspot-2274-9\">\n\t\t\t\t\n\t\t\t\t<h2 class=\"hotspot-title\">Saxophones<\/h2>\t\t\t\t\t\t\t\t<div class=\"hotspot-content\">\n\t\t\t\t\t<p>Pupitre des saxophones : altos, t\u00e9nors et baryton<\/p>\n\t\t\t\t<\/div>\n\t\t\t<\/div>\n\t\t\t\t\t\n\t\t\t\t\t\t<div class=\"hotspot-info \" id=\"hotspot-hotspot-2274-10\">\n\t\t\t\t\n\t\t\t\t<h2 class=\"hotspot-title\">Euphonium<\/h2>\t\t\t\t\t\t\t\t<div class=\"hotspot-content\">\n\t\t\t\t\t<p>Pupitre des euphoniums, baryton ici<\/p>\n\t\t\t\t<\/div>\n\t\t\t<\/div>\n\t\t\t\t\t\n\t\t\t\t\t\t<div class=\"hotspot-info \" id=\"hotspot-hotspot-2274-11\">\n\t\t\t\t\n\t\t\t\t<h2 class=\"hotspot-title\">Trombones<\/h2>\t\t\t\t\t\t\t\t<div class=\"hotspot-content\">\n\t\t\t\t\t<p>On peut avoir jusqu'\u00e0 4 trombones : 1, 2, 3 et basse<\/p>\n\t\t\t\t<\/div>\n\t\t\t<\/div>\n\t\t\t\t\t\n\t\t\t\t\t\t<div class=\"hotspot-info \" id=\"hotspot-hotspot-2274-12\">\n\t\t\t\t\n\t\t\t\t<h2 class=\"hotspot-title\">Tubas basses<\/h2>\t\t\t\t\t\t\t\t<div class=\"hotspot-content\">\n\t\t\t\t\t<p>Pupitre des tubas. Le contre-tuba, est l'instrument le plus grave de l'orchestre.<\/p>\n\t\t\t\t<\/div>\n\t\t\t<\/div>\n\t\t\t<\/div>\n\n\n<div style=\"padding-bottom:20px; padding-top:10px;\" class=\"hupso-share-buttons\"><!-- Hupso Share Buttons - https:\/\/www.hupso.com\/share\/ --><a class=\"hupso_toolbar\" href=\"https:\/\/www.hupso.com\/share\/\"><img decoding=\"async\" src=\"https:\/\/static.hupso.com\/share\/buttons\/lang\/fr\/share-medium.png\" style=\"border:0px; padding-top: 5px; float:left;\" alt=\"Share Button\"\/><\/a><script type=\"text\/javascript\">var hupso_services_t=new Array(\"Twitter\",\"Facebook\",\"Google Plus\",\"Print\");var hupso_background_t=\"#EAF4FF\";var hupso_border_t=\"#66CCFF\";var hupso_toolbar_size_t=\"medium\";var hupso_image_folder_url = \"\";var hupso_url_t=\"\";var hupso_title_t=\"Orchestre\";<\/script><script type=\"text\/javascript\" src=\"https:\/\/static.hupso.com\/share\/js\/share_toolbar.js\"><\/script><!-- Hupso Share Buttons --><\/div>","protected":false},"excerpt":{"rendered":"<p>Cliquez sur l&rsquo;image ci-dessous pour rep\u00e9rer les diff\u00e9rents pupitres de l&rsquo;orchestre :<\/p>\n","protected":false},"author":2,"featured_media":0,"parent":0,"menu_order":0,"comment_status":"closed","ping_status":"closed","template":"","meta":{"_bbp_topic_count":0,"_bbp_reply_count":0,"_bbp_total_topic_count":0,"_bbp_total_reply_count":0,"_bbp_voice_count":0,"_bbp_anonymous_reply_count":0,"_bbp_topic_count_hidden":0,"_bbp_reply_count_hidden":0,"_bbp_forum_subforum_count":0,"ngg_post_thumbnail":0,"footnotes":""},"class_list":["post-71","page","type-page","status-publish","hentry"],"aioseo_notices":[],"_links":{"self":[{"href":"https:\/\/amvb.fr\/index.php?rest_route=\/wp\/v2\/pages\/71","targetHints":{"allow":["GET"]}}],"collection":[{"href":"https:\/\/amvb.fr\/index.php?rest_route=\/wp\/v2\/pages"}],"about":[{"href":"https:\/\/amvb.fr\/index.php?rest_route=\/wp\/v2\/types\/page"}],"author":[{"embeddable":true,"href":"https:\/\/amvb.fr\/index.php?rest_route=\/wp\/v2\/users\/2"}],"replies":[{"embeddable":true,"href":"https:\/\/amvb.fr\/index.php?rest_route=%2Fwp%2Fv2%2Fcomments&post=71"}],"version-history":[{"count":75,"href":"https:\/\/amvb.fr\/index.php?rest_route=\/wp\/v2\/pages\/71\/revisions"}],"predecessor-version":[{"id":6303,"href":"https:\/\/amvb.fr\/index.php?rest_route=\/wp\/v2\/pages\/71\/revisions\/6303"}],"wp:attachment":[{"href":"https:\/\/amvb.fr\/index.php?rest_route=%2Fwp%2Fv2%2Fmedia&parent=71"}],"curies":[{"name":"wp","href":"https:\/\/api.w.org\/{rel}","templated":true}]}}